Last updated on 2025-05-19 19:50:36 CEST.
Flavor | Version | Tinstall | Tcheck | Ttotal | Status | Flags |
---|---|---|---|---|---|---|
r-devel-linux-x86_64-debian-clang | 3.6.5 | 19.78 | 146.27 | 166.05 | OK | |
r-devel-linux-x86_64-debian-gcc | 3.6.5 | 15.02 | 94.53 | 109.55 | OK | |
r-devel-linux-x86_64-fedora-clang | 3.6.5 | 256.01 | OK | |||
r-devel-linux-x86_64-fedora-gcc | 3.6.5 | 248.80 | OK | |||
r-devel-windows-x86_64 | 3.6.5 | 59.00 | 190.00 | 249.00 | OK | |
r-patched-linux-x86_64 | 3.6.5 | 20.60 | 135.52 | 156.12 | OK | |
r-release-linux-x86_64 | 3.6.5 | 20.40 | 136.30 | 156.70 | OK | |
r-release-macos-arm64 | 3.6.5 | 91.00 | OK | |||
r-release-macos-x86_64 | 3.6.5 | 174.00 | OK | |||
r-release-windows-x86_64 | 3.6.5 | 1.00 | 6.00 | 7.00 | ERROR | |
r-oldrel-macos-arm64 | 3.6.5 | 89.00 | OK | |||
r-oldrel-macos-x86_64 | 3.6.5 | 164.00 | OK | |||
r-oldrel-windows-x86_64 | 3.6.5 | 58.00 | 211.00 | 269.00 | OK |
Version: 3.6.5
Check: whether package can be installed
Result: ERROR
Installation failed.
Flavor: r-release-windows-x86_64