Last updated on 2025-05-19 19:50:37 CEST.
Flavor | Version | Tinstall | Tcheck | Ttotal | Status | Flags |
---|---|---|---|---|---|---|
r-devel-linux-x86_64-debian-clang | 1.0.0 | 53.31 | 49.58 | 102.89 | OK | |
r-devel-linux-x86_64-debian-gcc | 1.0.0 | 38.61 | 37.15 | 75.76 | OK | |
r-devel-linux-x86_64-fedora-clang | 1.0.0 | 182.49 | OK | |||
r-devel-linux-x86_64-fedora-gcc | 1.0.0 | 204.31 | OK | |||
r-devel-windows-x86_64 | 1.0.0 | 60.00 | 101.00 | 161.00 | OK | |
r-patched-linux-x86_64 | 1.0.0 | 51.96 | 45.84 | 97.80 | OK | |
r-release-linux-x86_64 | 1.0.0 | 53.31 | 46.47 | 99.78 | OK | |
r-release-macos-arm64 | 1.0.0 | 87.00 | OK | |||
r-release-macos-x86_64 | 1.0.0 | 127.00 | OK | |||
r-release-windows-x86_64 | 1.0.0 | 56.00 | 101.00 | 157.00 | OK | |
r-oldrel-macos-arm64 | 1.0.0 | 81.00 | NOTE | |||
r-oldrel-macos-x86_64 | 1.0.0 | 104.00 | NOTE | |||
r-oldrel-windows-x86_64 | 1.0.0 | 54.00 | 111.00 | 165.00 | OK |
Version: 1.0.0
Check: installed package size
Result: NOTE
installed size is 5.1Mb
sub-directories of 1Mb or more:
libs 4.5Mb
Flavors: r-oldrel-macos-arm64, r-oldrel-macos-x86_64