CRAN Package Check Results for Package covidmx

Last updated on 2025-05-19 19:50:37 CEST.

Flavor Version Tinstall Tcheck Ttotal Status Flags
r-devel-linux-x86_64-debian-clang 0.7.7 8.14 90.44 98.58 OK
r-devel-linux-x86_64-debian-gcc 0.7.7 5.68 62.27 67.95 OK
r-devel-linux-x86_64-fedora-clang 0.7.7 151.81 OK
r-devel-linux-x86_64-fedora-gcc 0.7.7 142.84 OK
r-devel-windows-x86_64 0.7.7 14.00 0.00 14.00 FAIL
r-patched-linux-x86_64 0.7.7 10.35 84.15 94.50 OK
r-release-linux-x86_64 0.7.7 8.56 84.14 92.70 OK
r-release-macos-arm64 0.7.7 44.00 OK
r-release-macos-x86_64 0.7.7 88.00 OK
r-release-windows-x86_64 0.7.7 15.00 113.00 128.00 OK
r-oldrel-macos-arm64 0.7.7 44.00 OK
r-oldrel-macos-x86_64 0.7.7 69.00 OK
r-oldrel-windows-x86_64 0.7.7 18.00 122.00 140.00 OK

Check Details

Version: 0.7.7
Check: PDF version of manual
Result: FAIL Check process probably crashed or hung up for 20 minutes ... killed Most likely this happened in the example checks (?), if not, ignore the following last lines of example output: > > ### Name: update_covidmx > ### Title: Actualiza el paquete covidmx > ### Aliases: update_covidmx > > ### ** Examples > > ## Not run: > ##D # Actualiza el paquete de coivdmx de Github | Updates the covidmx package from Github > ##D update_covidmx() > ## End(Not run) > > > > > ### * <FOOTER> > ### > cleanEx() > options(digits = 7L) > base::cat("Time elapsed: ", proc.time() - base::get("ptime", pos = 'CheckExEnv'),"\n") Time elapsed: 5.17 0.87 7.7 NA NA > grDevices::dev.off() null device 1 > ### > ### Local variables: *** > ### mode: outline-minor *** > ### outline-regexp: "\\(> \\)?### [*]+" *** > ### End: *** > quit('no') ======== End of example output (where/before crash/hang up occured ?) ======== Flavor: r-devel-windows-x86_64