Last updated on 2025-05-19 07:49:45 CEST.
Flavor | Version | Tinstall | Tcheck | Ttotal | Status | Flags |
---|---|---|---|---|---|---|
r-devel-linux-x86_64-debian-clang | 0.3.3 | 6.90 | 75.81 | 82.71 | NOTE | |
r-devel-linux-x86_64-debian-gcc | 0.3.3 | 4.51 | 57.44 | 61.95 | NOTE | |
r-devel-linux-x86_64-fedora-clang | 0.3.3 | 125.34 | OK | |||
r-devel-linux-x86_64-fedora-gcc | 0.3.3 | 137.45 | OK | |||
r-devel-windows-x86_64 | 0.3.3 | 8.00 | 101.00 | 109.00 | OK | |
r-patched-linux-x86_64 | 0.3.3 | 7.03 | 71.41 | 78.44 | OK | |
r-release-linux-x86_64 | 0.3.3 | 6.07 | 71.55 | 77.62 | OK | |
r-release-macos-arm64 | 0.3.3 | 45.00 | OK | |||
r-release-macos-x86_64 | 0.3.3 | 84.00 | OK | |||
r-release-windows-x86_64 | 0.3.3 | 9.00 | 98.00 | 107.00 | OK | |
r-oldrel-macos-arm64 | 0.3.3 | 42.00 | OK | |||
r-oldrel-macos-x86_64 | 0.3.3 | 64.00 | OK | |||
r-oldrel-windows-x86_64 | 0.3.3 | 12.00 | 110.00 | 122.00 | OK |
Version: 0.3.3
Check: CRAN incoming feasibility
Result: NOTE
Maintainer: ‘Caleb Lucas <calebjlucas@gmail.com>’
No Authors@R field in DESCRIPTION.
Please add one, modifying
Authors@R: c(person(given = "Caleb",
family = "Lucas",
role = c("aut", "cre"),
email = "calebjlucas@gmail.com",
comment = "https://caleblucas.com/"),
person(given = "Joshua",
family = "McCrain",
role = "aut",
comment = "http://joshuamccrain.com/"))
as necessary.
Flavors: r-devel-linux-x86_64-debian-clang, r-devel-linux-x86_64-debian-gcc