Last updated on 2025-05-19 07:49:45 CEST.
Flavor | Version | Tinstall | Tcheck | Ttotal | Status | Flags |
---|---|---|---|---|---|---|
r-devel-linux-x86_64-debian-clang | 0.3-4 | 5.27 | 50.52 | 55.79 | NOTE | |
r-devel-linux-x86_64-debian-gcc | 0.3-4 | 4.08 | 38.78 | 42.86 | NOTE | |
r-devel-linux-x86_64-fedora-clang | 0.3-4 | 83.08 | OK | |||
r-devel-linux-x86_64-fedora-gcc | 0.3-4 | 95.34 | OK | |||
r-devel-windows-x86_64 | 0.3-4 | 7.00 | 79.00 | 86.00 | OK | |
r-patched-linux-x86_64 | 0.3-4 | 5.54 | 47.29 | 52.83 | OK | |
r-release-linux-x86_64 | 0.3-4 | 4.05 | 48.29 | 52.34 | OK | |
r-release-macos-arm64 | 0.3-4 | 41.00 | OK | |||
r-release-macos-x86_64 | 0.3-4 | 73.00 | OK | |||
r-release-windows-x86_64 | 0.3-4 | 6.00 | 86.00 | 92.00 | OK | |
r-oldrel-macos-arm64 | 0.3-4 | 39.00 | OK | |||
r-oldrel-macos-x86_64 | 0.3-4 | 49.00 | OK | |||
r-oldrel-windows-x86_64 | 0.3-4 | 8.00 | 82.00 | 90.00 | OK |
Version: 0.3-4
Check: CRAN incoming feasibility
Result: NOTE
Maintainer: ‘Johannes Textor <johannes.textor@gmx.de>’
No Authors@R field in DESCRIPTION.
Please add one, modifying
Authors@R: c(person(given = "Johannes",
family = "Textor",
role = c("aut", "cre"),
email = "johannes.textor@gmx.de"),
person(given = "Benito",
family = "van der Zander",
role = "aut"),
person(given = "Ankur",
family = "Ankan",
role = "aut"))
as necessary.
Flavors: r-devel-linux-x86_64-debian-clang, r-devel-linux-x86_64-debian-gcc