Last updated on 2025-05-19 19:50:38 CEST.
Flavor | Version | Tinstall | Tcheck | Ttotal | Status | Flags |
---|---|---|---|---|---|---|
r-devel-linux-x86_64-debian-clang | 0.4-1 | 31.24 | 218.31 | 249.55 | NOTE | |
r-devel-linux-x86_64-debian-gcc | 0.4-1 | 21.48 | 152.39 | 173.87 | NOTE | |
r-devel-linux-x86_64-fedora-clang | 0.4-1 | 388.32 | OK | |||
r-devel-linux-x86_64-fedora-gcc | 0.4-1 | 382.09 | OK | |||
r-devel-windows-x86_64 | 0.4-1 | 27.00 | 227.00 | 254.00 | NOTE | |
r-patched-linux-x86_64 | 0.4-1 | 29.97 | 210.73 | 240.70 | NOTE | |
r-release-linux-x86_64 | 0.4-1 | 28.10 | 209.10 | 237.20 | NOTE | |
r-release-macos-arm64 | 0.4-1 | 95.00 | OK | |||
r-release-macos-x86_64 | 0.4-1 | 207.00 | OK | |||
r-release-windows-x86_64 | 0.4-1 | 25.00 | 220.00 | 245.00 | NOTE | |
r-oldrel-macos-arm64 | 0.4-1 | 93.00 | OK | |||
r-oldrel-macos-x86_64 | 0.4-1 | 153.00 | OK | |||
r-oldrel-windows-x86_64 | 0.4-1 | 33.00 | 262.00 | 295.00 | OK |
Version: 0.4-1
Check: CRAN incoming feasibility
Result: NOTE
Maintainer: ‘Peter Solymos <psolymos@gmail.com>’
No Authors@R field in DESCRIPTION.
Please add one, modifying
Authors@R: person(given = "Peter",
family = "Solymos",
role = c("aut", "cre"),
email = "psolymos@gmail.com")
as necessary.
Flavors: r-devel-linux-x86_64-debian-clang, r-devel-linux-x86_64-debian-gcc
Version: 0.4-1
Check: Rd cross-references
Result: NOTE
Found the following Rd file(s) with Rd \link{} targets missing package
anchors:
dcFit-class.Rd: bugs.fit
gsFit-class.Rd: bugs.fit
Please provide package anchors for all Rd \link{} targets not in the
package itself and the base packages.
Flavors: r-devel-linux-x86_64-debian-clang, r-devel-linux-x86_64-debian-gcc, r-devel-windows-x86_64, r-patched-linux-x86_64, r-release-linux-x86_64, r-release-windows-x86_64