CRAN Package Check Results for Package document

Last updated on 2025-05-19 07:49:46 CEST.

Flavor Version Tinstall Tcheck Ttotal Status Flags
r-devel-linux-x86_64-debian-clang 4.0.0 2.13 49.77 51.90 NOTE
r-devel-linux-x86_64-debian-gcc 4.0.0 1.39 40.85 42.24 NOTE
r-devel-linux-x86_64-fedora-clang 4.0.0 86.23 OK
r-devel-linux-x86_64-fedora-gcc 4.0.0 93.78 OK
r-devel-windows-x86_64 4.0.0 5.00 150.00 155.00 NOTE
r-patched-linux-x86_64 4.0.0 2.27 46.80 49.07 NOTE
r-release-linux-x86_64 4.0.0 2.22 47.33 49.55 NOTE
r-release-macos-arm64 4.0.0 55.00 OK
r-release-macos-x86_64 4.0.0 103.00 OK
r-release-windows-x86_64 4.0.0 5.00 149.00 154.00 NOTE
r-oldrel-macos-arm64 4.0.0 41.00 OK
r-oldrel-macos-x86_64 4.0.0 76.00 OK
r-oldrel-windows-x86_64 4.0.0 5.00 130.00 135.00 OK

Check Details

Version: 4.0.0
Check: Rd cross-references
Result: NOTE Found the following Rd file(s) with Rd \link{} targets missing package anchors: checks.Rd: rcmdcheck Please provide package anchors for all Rd \link{} targets not in the package itself and the base packages. Flavors: r-devel-linux-x86_64-debian-clang, r-devel-linux-x86_64-debian-gcc, r-devel-windows-x86_64, r-patched-linux-x86_64, r-release-linux-x86_64, r-release-windows-x86_64