Last updated on 2025-05-19 19:50:39 CEST.
Flavor | Version | Tinstall | Tcheck | Ttotal | Status | Flags |
---|---|---|---|---|---|---|
r-devel-linux-x86_64-debian-clang | 3.5.0.2 | 16.90 | 107.05 | 123.95 | NOTE | |
r-devel-linux-x86_64-debian-gcc | 3.5.0.2 | 9.52 | 73.21 | 82.73 | NOTE | |
r-devel-linux-x86_64-fedora-clang | 3.5.0.2 | 192.85 | NOTE | |||
r-devel-linux-x86_64-fedora-gcc | 3.5.0.2 | 181.20 | NOTE | |||
r-devel-windows-x86_64 | 3.5.0.2 | 16.00 | 153.00 | 169.00 | NOTE | |
r-patched-linux-x86_64 | 3.5.0.2 | 16.92 | 101.08 | 118.00 | NOTE | |
r-release-linux-x86_64 | 3.5.0.2 | 15.96 | 101.18 | 117.14 | NOTE | |
r-release-macos-arm64 | 3.5.0.2 | 54.00 | NOTE | |||
r-release-macos-x86_64 | 3.5.0.2 | 153.00 | NOTE | |||
r-release-windows-x86_64 | 3.5.0.2 | 17.00 | 144.00 | 161.00 | NOTE | |
r-oldrel-macos-arm64 | 3.5.0.2 | 50.00 | NOTE | |||
r-oldrel-macos-x86_64 | 3.5.0.2 | 76.00 | NOTE | |||
r-oldrel-windows-x86_64 | 3.5.0.2 | 22.00 | 155.00 | 177.00 | NOTE |
Version: 3.5.0.2
Check: CRAN incoming feasibility
Result: NOTE
Maintainer: ‘Virasakdi Chongsuvivatwong <cvirasak@medicine.psu.ac.th>’
No Authors@R field in DESCRIPTION.
Please add one, modifying
Authors@R: person(given = "Virasakdi",
family = "Chongsuvivatwong",
role = c("aut", "cre"),
email = "cvirasak@medicine.psu.ac.th")
as necessary.
Flavors: r-devel-linux-x86_64-debian-clang, r-devel-linux-x86_64-debian-gcc
Version: 3.5.0.2
Check: Rd files
Result: NOTE
checkRd: (-1) risk.display.rd:98: Escaped LaTeX specials: \$
Flavors: r-devel-linux-x86_64-debian-clang, r-devel-linux-x86_64-debian-gcc, r-devel-linux-x86_64-fedora-clang, r-devel-linux-x86_64-fedora-gcc, r-devel-windows-x86_64, r-patched-linux-x86_64, r-release-linux-x86_64, r-release-macos-arm64, r-release-macos-x86_64, r-release-windows-x86_64, r-oldrel-macos-arm64, r-oldrel-macos-x86_64, r-oldrel-windows-x86_64