CRAN Package Check Results for Package eponge

Last updated on 2025-05-19 19:50:39 CEST.

Flavor Version Tinstall Tcheck Ttotal Status Flags
r-devel-linux-x86_64-debian-clang 0.1.0 1.93 24.66 26.59 OK
r-devel-linux-x86_64-debian-gcc 0.1.0 1.76 20.09 21.85 OK
r-devel-linux-x86_64-fedora-clang 0.1.0 39.53 OK
r-devel-linux-x86_64-fedora-gcc 0.1.0 38.16 OK
r-devel-windows-x86_64 0.1.0 3.00 57.00 60.00 OK
r-patched-linux-x86_64 0.1.0 2.43 22.52 24.95 OK
r-release-linux-x86_64 0.1.0 2.29 22.53 24.82 OK
r-release-macos-arm64 0.1.0 21.00 OK
r-release-macos-x86_64 0.1.0 35.00 OK
r-release-windows-x86_64 0.1.0 4.00 51.00 55.00 OK
r-oldrel-macos-arm64 0.1.0 17.00 NOTE
r-oldrel-macos-x86_64 0.1.0 25.00 NOTE
r-oldrel-windows-x86_64 0.1.0 4.00 53.00 57.00 NOTE

Check Details

Version: 0.1.0
Check: LazyData
Result: NOTE 'LazyData' is specified without a 'data' directory Flavors: r-oldrel-macos-arm64, r-oldrel-macos-x86_64, r-oldrel-windows-x86_64