CRAN Package Check Results for Package equivalenceTest

Last updated on 2025-05-19 19:50:40 CEST.

Flavor Version Tinstall Tcheck Ttotal Status Flags
r-devel-linux-x86_64-debian-clang 0.0.1.1 1.96 21.87 23.83 OK
r-devel-linux-x86_64-debian-gcc 0.0.1.1 1.76 17.48 19.24 OK
r-devel-linux-x86_64-fedora-clang 0.0.1.1 37.37 NOTE
r-devel-linux-x86_64-fedora-gcc 0.0.1.1 36.35 NOTE
r-devel-windows-x86_64 0.0.1.1 3.00 53.00 56.00 OK
r-patched-linux-x86_64 0.0.1.1 2.28 21.22 23.50 OK
r-release-linux-x86_64 0.0.1.1 1.81 21.27 23.08 OK
r-release-macos-arm64 0.0.1.1 19.00 OK
r-release-macos-x86_64 0.0.1.1 26.00 OK
r-release-windows-x86_64 0.0.1.1 4.00 49.00 53.00 OK
r-oldrel-macos-arm64 0.0.1.1 16.00 NOTE
r-oldrel-macos-x86_64 0.0.1.1 31.00 NOTE
r-oldrel-windows-x86_64 0.0.1.1 4.00 47.00 51.00 NOTE

Check Details

Version: 0.0.1.1
Check: dependencies in R code
Result: NOTE Namespaces in Imports field not imported from: ‘cubature’ ‘rootSolve’ All declared Imports should be used. Flavors: r-devel-linux-x86_64-fedora-clang, r-devel-linux-x86_64-fedora-gcc

Version: 0.0.1.1
Check: LazyData
Result: NOTE 'LazyData' is specified without a 'data' directory Flavors: r-oldrel-macos-arm64, r-oldrel-macos-x86_64, r-oldrel-windows-x86_64