Last updated on 2025-05-19 07:49:47 CEST.
Flavor | Version | Tinstall | Tcheck | Ttotal | Status | Flags |
---|---|---|---|---|---|---|
r-devel-linux-x86_64-debian-clang | 1.2.0 | 4.76 | 30.83 | 35.59 | OK | |
r-devel-linux-x86_64-debian-gcc | 1.2.0 | 3.90 | 22.92 | 26.82 | OK | |
r-devel-linux-x86_64-fedora-clang | 1.2.0 | 58.36 | OK | |||
r-devel-linux-x86_64-fedora-gcc | 1.2.0 | 58.32 | OK | |||
r-devel-windows-x86_64 | 1.2.0 | 11.00 | 65.00 | 76.00 | OK | |
r-patched-linux-x86_64 | 1.2.0 | 4.70 | 28.04 | 32.74 | OK | |
r-release-linux-x86_64 | 1.2.0 | 6.94 | 28.30 | 35.24 | OK | |
r-release-macos-arm64 | 1.2.0 | 23.00 | OK | |||
r-release-macos-x86_64 | 1.2.0 | 38.00 | OK | |||
r-release-windows-x86_64 | 1.2.0 | 1.00 | 5.00 | 6.00 | ERROR | |
r-oldrel-macos-arm64 | 1.2.0 | 38.00 | OK | |||
r-oldrel-macos-x86_64 | 1.2.0 | 33.00 | OK | |||
r-oldrel-windows-x86_64 | 1.2.0 | 11.00 | 62.00 | 73.00 | OK |
Version: 1.2.0
Check: whether package can be installed
Result: ERROR
Installation failed.
Flavor: r-release-windows-x86_64