Last updated on 2025-05-19 19:50:40 CEST.
Flavor | Version | Tinstall | Tcheck | Ttotal | Status | Flags |
---|---|---|---|---|---|---|
r-devel-linux-x86_64-debian-clang | 2.1.1 | 10.44 | 111.94 | 122.38 | NOTE | |
r-devel-linux-x86_64-debian-gcc | 2.1.1 | 7.74 | 76.45 | 84.19 | NOTE | |
r-devel-linux-x86_64-fedora-clang | 2.1.1 | 192.28 | NOTE | |||
r-devel-linux-x86_64-fedora-gcc | 2.1.1 | 180.84 | NOTE | |||
r-devel-windows-x86_64 | 2.1.1 | 12.00 | 145.00 | 157.00 | NOTE | |
r-patched-linux-x86_64 | 2.1.1 | 10.59 | 105.98 | 116.57 | NOTE | |
r-release-linux-x86_64 | 2.1.1 | 7.45 | 103.46 | 110.91 | NOTE | |
r-release-macos-arm64 | 2.1.1 | 52.00 | NOTE | |||
r-release-macos-x86_64 | 2.1.1 | 104.00 | NOTE | |||
r-release-windows-x86_64 | 2.1.1 | 12.00 | 145.00 | 157.00 | NOTE | |
r-oldrel-macos-arm64 | 2.1.1 | 53.00 | NOTE | |||
r-oldrel-macos-x86_64 | 2.1.1 | 94.00 | NOTE | |||
r-oldrel-windows-x86_64 | 2.1.1 | 16.00 | 159.00 | 175.00 | NOTE |
Version: 2.1.1
Check: CRAN incoming feasibility
Result: NOTE
Maintainer: ‘Alessia Pini <alessia.pini@polimi.it>’
No Authors@R field in DESCRIPTION.
Please add one, modifying
Authors@R: c(person(given = "Alessia",
family = "Pini",
role = c("aut", "cre"),
email = "alessia.pini@polimi.it"),
person(given = "Simone",
family = "Vantini",
role = "aut"))
as necessary.
Flavors: r-devel-linux-x86_64-debian-clang, r-devel-linux-x86_64-debian-gcc
Version: 2.1.1
Check: Rd files
Result: NOTE
checkRd: (-1) NASAtemp.Rd:14: Lost braces in \itemize; meant \describe ?
checkRd: (-1) NASAtemp.Rd:15: Lost braces in \itemize; meant \describe ?
Flavors: r-devel-linux-x86_64-debian-clang, r-devel-linux-x86_64-debian-gcc, r-devel-linux-x86_64-fedora-clang, r-devel-linux-x86_64-fedora-gcc, r-devel-windows-x86_64, r-patched-linux-x86_64, r-release-linux-x86_64, r-release-macos-arm64, r-release-macos-x86_64, r-release-windows-x86_64, r-oldrel-macos-arm64, r-oldrel-macos-x86_64, r-oldrel-windows-x86_64