Last updated on 2025-05-19 19:50:41 CEST.
Flavor | Version | Tinstall | Tcheck | Ttotal | Status | Flags |
---|---|---|---|---|---|---|
r-devel-linux-x86_64-debian-clang | 1.3.3 | 2.43 | 22.76 | 25.19 | OK | |
r-devel-linux-x86_64-debian-gcc | 1.3.3 | 1.89 | 18.07 | 19.96 | OK | |
r-devel-linux-x86_64-fedora-clang | 1.3.3 | 38.66 | OK | |||
r-devel-linux-x86_64-fedora-gcc | 1.3.3 | 37.11 | OK | |||
r-devel-windows-x86_64 | 1.3.3 | 5.00 | 50.00 | 55.00 | OK | |
r-patched-linux-x86_64 | 1.3.3 | 2.13 | 21.80 | 23.93 | OK | |
r-release-linux-x86_64 | 1.3.3 | 2.41 | 21.94 | 24.35 | OK | |
r-release-macos-arm64 | 1.3.3 | 18.00 | OK | |||
r-release-macos-x86_64 | 1.3.3 | 31.00 | OK | |||
r-release-windows-x86_64 | 1.3.3 | 5.00 | 58.00 | 63.00 | OK | |
r-oldrel-macos-arm64 | 1.3.3 | 15.00 | NOTE | |||
r-oldrel-macos-x86_64 | 1.3.3 | 24.00 | NOTE | |||
r-oldrel-windows-x86_64 | 1.3.3 | 5.00 | 49.00 | 54.00 | NOTE |
Version: 1.3.3
Check: LazyData
Result: NOTE
'LazyData' is specified without a 'data' directory
Flavors: r-oldrel-macos-arm64, r-oldrel-macos-x86_64, r-oldrel-windows-x86_64