Last updated on 2025-05-19 19:50:41 CEST.
Flavor | Version | Tinstall | Tcheck | Ttotal | Status | Flags |
---|---|---|---|---|---|---|
r-devel-linux-x86_64-debian-clang | 0.5.2 | 2.72 | 45.94 | 48.66 | NOTE | |
r-devel-linux-x86_64-debian-gcc | 0.5.2 | 1.85 | 36.07 | 37.92 | NOTE | |
r-devel-linux-x86_64-fedora-clang | 0.5.2 | 73.75 | NOTE | |||
r-devel-linux-x86_64-fedora-gcc | 0.5.2 | 85.16 | NOTE | |||
r-devel-windows-x86_64 | 0.5.2 | 6.00 | 74.00 | 80.00 | NOTE | |
r-patched-linux-x86_64 | 0.5.2 | 2.89 | 42.68 | 45.57 | NOTE | |
r-release-linux-x86_64 | 0.5.2 | 2.56 | 42.96 | 45.52 | NOTE | |
r-release-macos-arm64 | 0.5.2 | 58.00 | NOTE | |||
r-release-macos-x86_64 | 0.5.2 | 57.00 | NOTE | |||
r-release-windows-x86_64 | 0.5.2 | 5.00 | 70.00 | 75.00 | NOTE | |
r-oldrel-macos-arm64 | 0.5.2 | 36.00 | OK | |||
r-oldrel-macos-x86_64 | 0.5.2 | 52.00 | OK | |||
r-oldrel-windows-x86_64 | 0.5.2 | 5.00 | 71.00 | 76.00 | OK |
Version: 0.5.2
Check: DESCRIPTION meta-information
Result: NOTE
Missing dependency on R >= 4.1.0 because package code uses the pipe
|> or function shorthand \(...) syntax added in R 4.1.0.
File(s) using such syntax:
‘as_data_frame.Rd’ ‘as_list.Rd’ ‘dplyr_methods.Rd’ ‘fr_schema.R’
‘fr_tdr.R’ ‘read_fr_tdr.R’ ‘update_field.R’ ‘update_field.Rd’
Flavors: r-devel-linux-x86_64-debian-clang, r-devel-linux-x86_64-debian-gcc, r-devel-linux-x86_64-fedora-clang, r-devel-linux-x86_64-fedora-gcc, r-devel-windows-x86_64, r-patched-linux-x86_64, r-release-linux-x86_64, r-release-macos-arm64, r-release-macos-x86_64, r-release-windows-x86_64