Last updated on 2025-05-19 19:50:41 CEST.
Flavor | Version | Tinstall | Tcheck | Ttotal | Status | Flags |
---|---|---|---|---|---|---|
r-devel-linux-x86_64-debian-clang | 0.1.3 | 10.50 | 35.78 | 46.28 | NOTE | |
r-devel-linux-x86_64-debian-gcc | 0.1.3 | 7.63 | 27.48 | 35.11 | NOTE | |
r-devel-linux-x86_64-fedora-clang | 0.1.3 | 76.97 | NOTE | |||
r-devel-linux-x86_64-fedora-gcc | 0.1.3 | 88.02 | NOTE | |||
r-devel-windows-x86_64 | 0.1.3 | 14.00 | 79.00 | 93.00 | OK | |
r-patched-linux-x86_64 | 0.1.3 | 10.39 | 33.83 | 44.22 | OK | |
r-release-linux-x86_64 | 0.1.3 | 10.10 | 33.96 | 44.06 | OK | |
r-release-macos-arm64 | 0.1.3 | 31.00 | OK | |||
r-release-macos-x86_64 | 0.1.3 | 57.00 | OK | |||
r-release-windows-x86_64 | 0.1.3 | 14.00 | 75.00 | 89.00 | OK | |
r-oldrel-macos-arm64 | 0.1.3 | 36.00 | NOTE | |||
r-oldrel-macos-x86_64 | 0.1.3 | 47.00 | NOTE | |||
r-oldrel-windows-x86_64 | 0.1.3 | 14.00 | 85.00 | 99.00 | NOTE |
Version: 0.1.3
Check: CRAN incoming feasibility
Result: NOTE
Maintainer: ‘Bill Venables <bill.venables@gmail.com>’
No Authors@R field in DESCRIPTION.
Please add one, modifying
Authors@R: person(given = "Bill",
family = "Venables",
role = c("aut", "cre"),
email = "bill.venables@gmail.com")
as necessary.
Flavors: r-devel-linux-x86_64-debian-clang, r-devel-linux-x86_64-debian-gcc
Version: 0.1.3
Check: compiled code
Result: NOTE
File ‘fractional/libs/fractional.so’:
Found no calls to: ‘R_registerRoutines’, ‘R_useDynamicSymbols’
It is good practice to register native routines and to disable symbol
search.
See ‘Writing portable packages’ in the ‘Writing R Extensions’ manual.
Flavors: r-devel-linux-x86_64-fedora-clang, r-devel-linux-x86_64-fedora-gcc
Version: 0.1.3
Check: LazyData
Result: NOTE
'LazyData' is specified without a 'data' directory
Flavors: r-oldrel-macos-arm64, r-oldrel-macos-x86_64, r-oldrel-windows-x86_64