Last updated on 2025-05-19 19:50:41 CEST.
Flavor | Version | Tinstall | Tcheck | Ttotal | Status | Flags |
---|---|---|---|---|---|---|
r-devel-linux-x86_64-debian-clang | 0.1.0 | 6.05 | 76.30 | 82.35 | NOTE | |
r-devel-linux-x86_64-debian-gcc | 0.1.0 | 5.05 | 55.62 | 60.67 | NOTE | |
r-devel-linux-x86_64-fedora-clang | 0.1.0 | 120.97 | OK | |||
r-devel-linux-x86_64-fedora-gcc | 0.1.0 | 122.59 | OK | |||
r-devel-windows-x86_64 | 0.1.0 | 8.00 | 99.00 | 107.00 | OK | |
r-patched-linux-x86_64 | 0.1.0 | 5.65 | 72.37 | 78.02 | OK | |
r-release-linux-x86_64 | 0.1.0 | 5.87 | 70.57 | 76.44 | OK | |
r-release-macos-arm64 | 0.1.0 | 43.00 | OK | |||
r-release-macos-x86_64 | 0.1.0 | 85.00 | OK | |||
r-release-windows-x86_64 | 0.1.0 | 7.00 | 94.00 | 101.00 | OK | |
r-oldrel-macos-arm64 | 0.1.0 | 34.00 | OK | |||
r-oldrel-macos-x86_64 | 0.1.0 | 73.00 | OK | |||
r-oldrel-windows-x86_64 | 0.1.0 | 9.00 | 107.00 | 116.00 | OK |
Version: 0.1.0
Check: CRAN incoming feasibility
Result: NOTE
Maintainer: ‘Alex Hayes <alexpghayes@gmail.com>’
The Description field contains
see Chen et al. (2021) <arXiv:2108.03336> for details.
Please refer to arXiv e-prints via their arXiv DOI <doi:10.48550/arXiv.YYMM.NNNNN>.
Flavors: r-devel-linux-x86_64-debian-clang, r-devel-linux-x86_64-debian-gcc