Last updated on 2025-05-19 19:50:41 CEST.
Flavor | Version | Tinstall | Tcheck | Ttotal | Status | Flags |
---|---|---|---|---|---|---|
r-devel-linux-x86_64-debian-clang | 0.0.6 | 13.54 | 120.99 | 134.53 | NOTE | |
r-devel-linux-x86_64-debian-gcc | 0.0.6 | 9.09 | 94.73 | 103.82 | NOTE | |
r-devel-linux-x86_64-fedora-clang | 0.0.6 | 223.61 | OK | |||
r-devel-linux-x86_64-fedora-gcc | 0.0.6 | 225.82 | OK | |||
r-devel-windows-x86_64 | 0.0.6 | 13.00 | 215.00 | 228.00 | OK | |
r-patched-linux-x86_64 | 0.0.6 | 11.44 | 124.42 | 135.86 | OK | |
r-release-linux-x86_64 | 0.0.6 | 13.04 | 124.70 | 137.74 | OK | |
r-release-macos-arm64 | 0.0.6 | 82.00 | OK | |||
r-release-macos-x86_64 | 0.0.6 | 127.00 | OK | |||
r-release-windows-x86_64 | 0.0.6 | 13.00 | 213.00 | 226.00 | OK | |
r-oldrel-macos-arm64 | 0.0.6 | 66.00 | OK | |||
r-oldrel-macos-x86_64 | 0.0.6 | 102.00 | OK | |||
r-oldrel-windows-x86_64 | 0.0.6 | 13.00 | 240.00 | 253.00 | OK |
Version: 0.0.6
Check: CRAN incoming feasibility
Result: NOTE
Maintainer: ‘Yaoyong Li<liyaoyong85@gmail.com>’
No Authors@R field in DESCRIPTION.
Please add one, modifying
Authors@R: person(given = "Yaoyong",
family = "Li",
role = c("aut", "cre"),
email = "liyaoyong85@gmail.com")
as necessary.
Flavors: r-devel-linux-x86_64-debian-clang, r-devel-linux-x86_64-debian-gcc