Last updated on 2025-05-19 19:50:42 CEST.
Flavor | Version | Tinstall | Tcheck | Ttotal | Status | Flags |
---|---|---|---|---|---|---|
r-devel-linux-x86_64-debian-clang | 0.4.0 | 7.87 | 98.70 | 106.57 | NOTE | |
r-devel-linux-x86_64-debian-gcc | 0.4.0 | 5.68 | 70.23 | 75.91 | NOTE | |
r-devel-linux-x86_64-fedora-clang | 0.4.0 | 163.98 | NOTE | |||
r-devel-linux-x86_64-fedora-gcc | 0.4.0 | 174.60 | NOTE | |||
r-devel-windows-x86_64 | 0.4.0 | 10.00 | 115.00 | 125.00 | NOTE | |
r-patched-linux-x86_64 | 0.4.0 | 6.88 | 90.87 | 97.75 | NOTE | |
r-release-linux-x86_64 | 0.4.0 | 7.02 | 90.99 | 98.01 | NOTE | |
r-release-macos-arm64 | 0.4.0 | 107.00 | NOTE | |||
r-release-macos-x86_64 | 0.4.0 | 96.00 | NOTE | |||
r-release-windows-x86_64 | 0.4.0 | 9.00 | 113.00 | 122.00 | NOTE | |
r-oldrel-macos-arm64 | 0.4.0 | 53.00 | OK | |||
r-oldrel-macos-x86_64 | 0.4.0 | 91.00 | OK | |||
r-oldrel-windows-x86_64 | 0.4.0 | 11.00 | 127.00 | 138.00 | OK |
Version: 0.4.0
Check: DESCRIPTION meta-information
Result: NOTE
Missing dependency on R >= 4.1.0 because package code uses the pipe
|> or function shorthand \(...) syntax added in R 4.1.0.
File(s) using such syntax:
‘inset_shape_circle.R’ ‘inset_shape_rectangle.R’ ‘inset_shape_sf.R’
Flavors: r-devel-linux-x86_64-debian-clang, r-devel-linux-x86_64-debian-gcc, r-devel-linux-x86_64-fedora-clang, r-devel-linux-x86_64-fedora-gcc, r-devel-windows-x86_64, r-patched-linux-x86_64, r-release-linux-x86_64, r-release-macos-arm64, r-release-macos-x86_64, r-release-windows-x86_64