Last updated on 2025-05-19 19:50:42 CEST.
Flavor | Version | Tinstall | Tcheck | Ttotal | Status | Flags |
---|---|---|---|---|---|---|
r-devel-linux-x86_64-debian-clang | 0.1.1 | 1.78 | 19.64 | 21.42 | NOTE | |
r-devel-linux-x86_64-debian-gcc | 0.1.1 | 1.42 | 16.10 | 17.52 | NOTE | |
r-devel-linux-x86_64-fedora-clang | 0.1.1 | 33.16 | OK | |||
r-devel-linux-x86_64-fedora-gcc | 0.1.1 | 32.53 | OK | |||
r-devel-windows-x86_64 | 0.1.1 | 3.00 | 47.00 | 50.00 | OK | |
r-patched-linux-x86_64 | 0.1.1 | 1.90 | 18.80 | 20.70 | OK | |
r-release-linux-x86_64 | 0.1.1 | 1.46 | 18.82 | 20.28 | OK | |
r-release-macos-arm64 | 0.1.1 | 16.00 | OK | |||
r-release-macos-x86_64 | 0.1.1 | 24.00 | OK | |||
r-release-windows-x86_64 | 0.1.1 | 3.00 | 50.00 | 53.00 | OK | |
r-oldrel-macos-arm64 | 0.1.1 | 15.00 | OK | |||
r-oldrel-macos-x86_64 | 0.1.1 | 21.00 | OK | |||
r-oldrel-windows-x86_64 | 0.1.1 | 3.00 | 44.00 | 47.00 | OK |
Version: 0.1.1
Check: CRAN incoming feasibility
Result: NOTE
Maintainer: ‘Hugo Gasca-Aragon <hugo_gasca_aragon@hotmail.com>’
No Authors@R field in DESCRIPTION.
Please add one, modifying
Authors@R: person(given = "Hugo",
family = "Gasca-Aragon",
role = c("aut", "cre"),
email = "hugo_gasca_aragon@hotmail.com")
as necessary.
Flavors: r-devel-linux-x86_64-debian-clang, r-devel-linux-x86_64-debian-gcc