CRAN Package Check Results for Package glmbb

Last updated on 2025-05-19 19:50:42 CEST.

Flavor Version Tinstall Tcheck Ttotal Status Flags
r-devel-linux-x86_64-debian-clang 0.5-1 2.06 43.94 46.00 NOTE
r-devel-linux-x86_64-debian-gcc 0.5-1 1.57 31.57 33.14 NOTE
r-devel-linux-x86_64-fedora-clang 0.5-1 71.87 NOTE
r-devel-linux-x86_64-fedora-gcc 0.5-1 69.87 NOTE
r-devel-windows-x86_64 0.5-1 3.00 76.00 79.00 NOTE
r-patched-linux-x86_64 0.5-1 2.35 42.54 44.89 NOTE
r-release-linux-x86_64 0.5-1 1.78 41.82 43.60 NOTE
r-release-macos-arm64 0.5-1 26.00 NOTE
r-release-macos-x86_64 0.5-1 51.00 NOTE
r-release-windows-x86_64 0.5-1 3.00 72.00 75.00 NOTE
r-oldrel-macos-arm64 0.5-1 24.00 NOTE
r-oldrel-macos-x86_64 0.5-1 37.00 NOTE
r-oldrel-windows-x86_64 0.5-1 3.00 63.00 66.00 NOTE

Check Details

Version: 0.5-1
Check: CRAN incoming feasibility
Result: NOTE Maintainer: ‘Charles J. Geyer <charlie@stat.umn.edu>’ No Authors@R field in DESCRIPTION. Please add one, modifying Authors@R: c(person(given = c("Charles", "J."), family = "Geyer.", role = "aut", email = "charlie@stat.umn.edu"), person(given = c("Charles", "J."), family = "Geyer", role = "cre", email = "charlie@stat.umn.edu")) as necessary. Flavors: r-devel-linux-x86_64-debian-clang, r-devel-linux-x86_64-debian-gcc

Version: 0.5-1
Check: Rd files
Result: NOTE checkRd: (-1) NEWS.Rd:16: Lost braces; missing escapes or markup? 16 | \item Now \code{AICc == Inf} when {n <= p + 1}. | ^ Flavors: r-devel-linux-x86_64-debian-clang, r-devel-linux-x86_64-debian-gcc, r-devel-linux-x86_64-fedora-clang, r-devel-linux-x86_64-fedora-gcc, r-devel-windows-x86_64, r-patched-linux-x86_64, r-release-linux-x86_64, r-release-macos-arm64, r-release-macos-x86_64, r-release-windows-x86_64, r-oldrel-macos-arm64, r-oldrel-macos-x86_64, r-oldrel-windows-x86_64