CRAN Package Check Results for Package gym

Last updated on 2025-05-19 19:50:42 CEST.

Flavor Version Tinstall Tcheck Ttotal Status Flags
r-devel-linux-x86_64-debian-clang 0.1.0 1.84 19.42 21.26 OK
r-devel-linux-x86_64-debian-gcc 0.1.0 1.36 15.95 17.31 OK
r-devel-linux-x86_64-fedora-clang 0.1.0 32.20 OK
r-devel-linux-x86_64-fedora-gcc 0.1.0 29.78 OK
r-devel-windows-x86_64 0.1.0 3.00 48.00 51.00 OK
r-patched-linux-x86_64 0.1.0 1.95 17.35 19.30 OK
r-release-linux-x86_64 0.1.0 1.54 17.48 19.02 OK
r-release-macos-arm64 0.1.0 17.00 OK
r-release-macos-x86_64 0.1.0 26.00 OK
r-release-windows-x86_64 0.1.0 5.00 49.00 54.00 OK
r-oldrel-macos-arm64 0.1.0 16.00 NOTE
r-oldrel-macos-x86_64 0.1.0 21.00 NOTE
r-oldrel-windows-x86_64 0.1.0 3.00 45.00 48.00 NOTE

Check Details

Version: 0.1.0
Check: LazyData
Result: NOTE 'LazyData' is specified without a 'data' directory Flavors: r-oldrel-macos-arm64, r-oldrel-macos-x86_64, r-oldrel-windows-x86_64