Last updated on 2025-05-19 19:50:43 CEST.
Flavor | Version | Tinstall | Tcheck | Ttotal | Status | Flags |
---|---|---|---|---|---|---|
r-devel-linux-x86_64-debian-clang | 0.2.2 | 10.73 | 93.16 | 103.89 | NOTE | |
r-devel-linux-x86_64-debian-gcc | 0.2.2 | 7.98 | 67.35 | 75.33 | NOTE | |
r-devel-linux-x86_64-fedora-clang | 0.2.2 | 158.32 | NOTE | |||
r-devel-linux-x86_64-fedora-gcc | 0.2.2 | 164.23 | NOTE | |||
r-devel-windows-x86_64 | 0.2.2 | 13.00 | 116.00 | 129.00 | NOTE | |
r-patched-linux-x86_64 | 0.2.2 | 10.19 | 83.96 | 94.15 | NOTE | |
r-release-linux-x86_64 | 0.2.2 | 9.20 | 85.13 | 94.33 | NOTE | |
r-release-macos-arm64 | 0.2.2 | 56.00 | NOTE | |||
r-release-macos-x86_64 | 0.2.2 | 105.00 | NOTE | |||
r-release-windows-x86_64 | 0.2.2 | 13.00 | 107.00 | 120.00 | NOTE | |
r-oldrel-macos-arm64 | 0.2.2 | 63.00 | NOTE | |||
r-oldrel-macos-x86_64 | 0.2.2 | 158.00 | NOTE | |||
r-oldrel-windows-x86_64 | 0.2.2 | 17.00 | 128.00 | 145.00 | NOTE |
Version: 0.2.2
Check: DESCRIPTION meta-information
Result: NOTE
Missing dependency on R >= 4.1.0 because package code uses the pipe
|> or function shorthand \(...) syntax added in R 4.1.0.
File(s) using such syntax:
‘plt-gartner-magic-chart.R’ ‘utils-save-to-excel.R’
Flavors: r-devel-linux-x86_64-debian-clang, r-devel-linux-x86_64-debian-gcc, r-devel-linux-x86_64-fedora-clang, r-devel-linux-x86_64-fedora-gcc, r-devel-windows-x86_64, r-patched-linux-x86_64, r-release-linux-x86_64, r-release-macos-arm64, r-release-macos-x86_64, r-release-windows-x86_64
Version: 0.2.2
Check: installed package size
Result: NOTE
installed size is 5.5Mb
sub-directories of 1Mb or more:
data 1.5Mb
doc 3.7Mb
Flavors: r-oldrel-macos-arm64, r-oldrel-macos-x86_64, r-oldrel-windows-x86_64