Last updated on 2025-05-19 19:50:43 CEST.
Flavor | Version | Tinstall | Tcheck | Ttotal | Status | Flags |
---|---|---|---|---|---|---|
r-devel-linux-x86_64-debian-clang | 1.6.16 | 92.41 | 37.86 | 130.27 | OK | |
r-devel-linux-x86_64-debian-gcc | 1.6.16 | 71.88 | 30.75 | 102.63 | OK | |
r-devel-linux-x86_64-fedora-clang | 1.6.16 | 257.78 | OK | |||
r-devel-linux-x86_64-fedora-gcc | 1.6.16 | 275.96 | OK | |||
r-devel-windows-x86_64 | 1.6.16 | 179.00 | 94.00 | 273.00 | OK | |
r-patched-linux-x86_64 | 1.6.16 | 95.27 | 35.23 | 130.50 | OK | |
r-release-linux-x86_64 | 1.6.16 | 103.15 | 35.05 | 138.20 | OK | |
r-release-macos-arm64 | 1.6.16 | 127.00 | OK | |||
r-release-macos-x86_64 | 1.6.16 | 142.00 | OK | |||
r-release-windows-x86_64 | 1.6.16 | 177.00 | 91.00 | 268.00 | OK | |
r-oldrel-macos-arm64 | 1.6.16 | 140.00 | NOTE | |||
r-oldrel-macos-x86_64 | 1.6.16 | 149.00 | NOTE | |||
r-oldrel-windows-x86_64 | 1.6.16 | 200.00 | 97.00 | 297.00 | NOTE |
Version: 1.6.16
Check: installed package size
Result: NOTE
installed size is 9.7Mb
sub-directories of 1Mb or more:
libs 9.3Mb
Flavors: r-oldrel-macos-arm64, r-oldrel-macos-x86_64
Version: 1.6.16
Check: for GNU extensions in Makefiles
Result: NOTE
GNU make is a SystemRequirements.
Flavors: r-oldrel-macos-arm64, r-oldrel-macos-x86_64, r-oldrel-windows-x86_64