Last updated on 2025-05-19 19:50:43 CEST.
Flavor | Version | Tinstall | Tcheck | Ttotal | Status | Flags |
---|---|---|---|---|---|---|
r-devel-linux-x86_64-debian-clang | 2.0.1 | 1.71 | 23.13 | 24.84 | NOTE | |
r-devel-linux-x86_64-debian-gcc | 2.0.1 | 1.20 | 18.65 | 19.85 | NOTE | |
r-devel-linux-x86_64-fedora-clang | 2.0.1 | 36.57 | OK | |||
r-devel-linux-x86_64-fedora-gcc | 2.0.1 | 37.03 | OK | |||
r-devel-windows-x86_64 | 2.0.1 | 2.00 | 46.00 | 48.00 | OK | |
r-patched-linux-x86_64 | 2.0.1 | 1.63 | 22.39 | 24.02 | OK | |
r-release-linux-x86_64 | 2.0.1 | 1.31 | 22.44 | 23.75 | OK | |
r-release-macos-arm64 | 2.0.1 | 17.00 | OK | |||
r-release-macos-x86_64 | 2.0.1 | 30.00 | OK | |||
r-release-windows-x86_64 | 2.0.1 | 4.00 | 44.00 | 48.00 | OK | |
r-oldrel-macos-arm64 | 2.0.1 | 19.00 | NOTE | |||
r-oldrel-macos-x86_64 | 2.0.1 | 43.00 | NOTE | |||
r-oldrel-windows-x86_64 | 2.0.1 | 3.00 | 42.00 | 45.00 | NOTE |
Version: 2.0.1
Check: CRAN incoming feasibility
Result: NOTE
Maintainer: ‘Oscar M. Rueda <Oscar.Rueda@mrc-bsu.cam.ac.uk>’
No Authors@R field in DESCRIPTION.
Please add one, modifying
Authors@R: c(person(given = c("Oscar", "M"),
family = "Rueda",
role = "aut"),
person(given = c("Jose", "Antonio", "Seoane"),
family = "Fernandez",
role = "aut"),
person(given = c("Oscar", "M."),
family = "Rueda",
role = "cre",
email = "Oscar.Rueda@mrc-bsu.cam.ac.uk"))
as necessary.
Flavors: r-devel-linux-x86_64-debian-clang, r-devel-linux-x86_64-debian-gcc
Version: 2.0.1
Check: installed package size
Result: NOTE
installed size is 5.7Mb
sub-directories of 1Mb or more:
data 5.6Mb
Flavors: r-oldrel-macos-arm64, r-oldrel-macos-x86_64, r-oldrel-windows-x86_64