Last updated on 2025-05-19 19:50:43 CEST.
Flavor | Version | Tinstall | Tcheck | Ttotal | Status | Flags |
---|---|---|---|---|---|---|
r-devel-linux-x86_64-debian-clang | 1.5 | 7.42 | 67.69 | 75.11 | OK | |
r-devel-linux-x86_64-debian-gcc | 1.5 | 5.97 | 50.01 | 55.98 | OK | |
r-devel-linux-x86_64-fedora-clang | 1.5 | 116.17 | OK | |||
r-devel-linux-x86_64-fedora-gcc | 1.5 | 111.90 | OK | |||
r-devel-windows-x86_64 | 1.5 | 9.00 | 100.00 | 109.00 | OK | |
r-patched-linux-x86_64 | 1.5 | 7.46 | 64.20 | 71.66 | OK | |
r-release-linux-x86_64 | 1.5 | 7.54 | 64.31 | 71.85 | OK | |
r-release-macos-arm64 | 1.5 | 35.00 | OK | |||
r-release-macos-x86_64 | 1.5 | 70.00 | OK | |||
r-release-windows-x86_64 | 1.5 | 9.00 | 83.00 | 92.00 | OK | |
r-oldrel-macos-arm64 | 1.5 | 35.00 | NOTE | |||
r-oldrel-macos-x86_64 | 1.5 | 54.00 | NOTE | |||
r-oldrel-windows-x86_64 | 1.5 | 11.00 | 103.00 | 114.00 | OK |
Version: 1.5
Check: package dependencies
Result: NOTE
Package suggested but not available for checking: ‘mixAK’
Flavor: r-oldrel-macos-arm64
Version: 1.5
Check: package dependencies
Result: NOTE
Packages suggested but not available for checking: 'mixAK', 'frailtypack'
Flavor: r-oldrel-macos-x86_64