Last updated on 2025-05-19 19:50:43 CEST.
Flavor | Version | Tinstall | Tcheck | Ttotal | Status | Flags |
---|---|---|---|---|---|---|
r-devel-linux-x86_64-debian-clang | 1.0.2.1 | 34.87 | 102.69 | 137.56 | NOTE | |
r-devel-linux-x86_64-debian-gcc | 1.0.2.1 | 23.85 | 65.13 | 88.98 | NOTE | |
r-devel-linux-x86_64-fedora-clang | 1.0.2.1 | 229.72 | NOTE | |||
r-devel-linux-x86_64-fedora-gcc | 1.0.2.1 | 234.16 | NOTE | |||
r-devel-windows-x86_64 | 1.0.2.1 | 46.00 | 150.00 | 196.00 | NOTE | |
r-patched-linux-x86_64 | 1.0.2.1 | 34.98 | 88.35 | 123.33 | NOTE | |
r-release-linux-x86_64 | 1.0.2.1 | 31.61 | 88.04 | 119.65 | NOTE | |
r-release-macos-arm64 | 1.0.2.1 | 73.00 | NOTE | |||
r-release-macos-x86_64 | 1.0.2.1 | 104.00 | NOTE | |||
r-release-windows-x86_64 | 1.0.2.1 | 44.00 | 136.00 | 180.00 | NOTE | |
r-oldrel-macos-arm64 | 1.0.2.1 | 59.00 | NOTE | |||
r-oldrel-macos-x86_64 | 1.0.2.1 | 86.00 | NOTE | |||
r-oldrel-windows-x86_64 | 1.0.2.1 | 54.00 | 161.00 | 215.00 | NOTE |
Version: 1.0.2.1
Check: CRAN incoming feasibility
Result: NOTE
Maintainer: ‘Ignacio Cordón <nacho.cordon.castillo@gmail.com>’
Package CITATION file contains call(s) to old-style citEntry(). Please
use bibentry() instead.
Flavors: r-devel-linux-x86_64-debian-clang, r-devel-linux-x86_64-debian-gcc
Version: 1.0.2.1
Check: C++ specification
Result: NOTE
Specified C++11: please drop specification unless essential
Flavors: r-devel-linux-x86_64-debian-clang, r-devel-linux-x86_64-debian-gcc, r-devel-linux-x86_64-fedora-clang, r-devel-linux-x86_64-fedora-gcc, r-devel-windows-x86_64, r-patched-linux-x86_64, r-release-linux-x86_64, r-release-macos-arm64, r-release-macos-x86_64, r-release-windows-x86_64, r-oldrel-macos-arm64, r-oldrel-macos-x86_64, r-oldrel-windows-x86_64
Version: 1.0.2.1
Check: Rd files
Result: NOTE
checkRd: (-1) oversample.Rd:23-24: Lost braces
23 | minority examples and majority ones, that is, the quotient {size of
| ^
checkRd: (-1) oversample.Rd:24: Lost braces; missing escapes or markup?
24 | minority class}/{size of majority class}. There are methods, such as
| ^
Flavors: r-devel-linux-x86_64-debian-clang, r-devel-linux-x86_64-debian-gcc, r-devel-linux-x86_64-fedora-clang, r-devel-linux-x86_64-fedora-gcc, r-devel-windows-x86_64, r-patched-linux-x86_64, r-release-linux-x86_64, r-release-macos-arm64, r-release-macos-x86_64, r-release-windows-x86_64, r-oldrel-macos-arm64, r-oldrel-macos-x86_64, r-oldrel-windows-x86_64