Last updated on 2025-05-19 19:50:44 CEST.
Flavor | Version | Tinstall | Tcheck | Ttotal | Status | Flags |
---|---|---|---|---|---|---|
r-devel-linux-x86_64-debian-clang | 0.2.4 | 1.64 | 18.74 | 20.38 | NOTE | |
r-devel-linux-x86_64-debian-gcc | 0.2.4 | 1.42 | 15.35 | 16.77 | NOTE | |
r-devel-linux-x86_64-fedora-clang | 0.2.4 | 31.37 | OK | |||
r-devel-linux-x86_64-fedora-gcc | 0.2.4 | 29.52 | OK | |||
r-devel-windows-x86_64 | 0.2.4 | 4.00 | 50.00 | 54.00 | OK | |
r-patched-linux-x86_64 | 0.2.4 | 1.54 | 17.67 | 19.21 | OK | |
r-release-linux-x86_64 | 0.2.4 | 1.55 | 17.82 | 19.37 | OK | |
r-release-macos-arm64 | 0.2.4 | 14.00 | OK | |||
r-release-macos-x86_64 | 0.2.4 | 23.00 | OK | |||
r-release-windows-x86_64 | 0.2.4 | 3.00 | 50.00 | 53.00 | OK | |
r-oldrel-macos-arm64 | 0.2.4 | 15.00 | OK | |||
r-oldrel-macos-x86_64 | 0.2.4 | 23.00 | OK | |||
r-oldrel-windows-x86_64 | 0.2.4 | 3.00 | 43.00 | 46.00 | OK |
Version: 0.2.4
Check: CRAN incoming feasibility
Result: NOTE
Maintainer: ‘Lev Kuznetsov <levk@jimmy.harvard.edu>’
No Authors@R field in DESCRIPTION.
Please add one, modifying
Authors@R: person(given = "Lev",
family = "Kuznetsov",
role = c("aut", "cre"),
email = "levk@jimmy.harvard.edu")
as necessary.
Flavors: r-devel-linux-x86_64-debian-clang, r-devel-linux-x86_64-debian-gcc