Last updated on 2025-05-19 19:50:44 CEST.
Flavor | Version | Tinstall | Tcheck | Ttotal | Status | Flags |
---|---|---|---|---|---|---|
r-devel-linux-x86_64-debian-clang | 1.0.3 | 1.96 | 31.29 | 33.25 | NOTE | |
r-devel-linux-x86_64-debian-gcc | 1.0.3 | 1.91 | 23.68 | 25.59 | NOTE | |
r-devel-linux-x86_64-fedora-clang | 1.0.3 | 49.93 | OK | |||
r-devel-linux-x86_64-fedora-gcc | 1.0.3 | 46.81 | OK | |||
r-devel-windows-x86_64 | 1.0.3 | 4.00 | 64.00 | 68.00 | OK | |
r-patched-linux-x86_64 | 1.0.3 | 2.56 | 28.76 | 31.32 | OK | |
r-release-linux-x86_64 | 1.0.3 | 1.91 | 28.62 | 30.53 | OK | |
r-release-macos-arm64 | 1.0.3 | 21.00 | OK | |||
r-release-macos-x86_64 | 1.0.3 | 41.00 | OK | |||
r-release-windows-x86_64 | 1.0.3 | 3.00 | 65.00 | 68.00 | OK | |
r-oldrel-macos-arm64 | 1.0.3 | 18.00 | OK | |||
r-oldrel-macos-x86_64 | 1.0.3 | 27.00 | OK | |||
r-oldrel-windows-x86_64 | 1.0.3 | 4.00 | 58.00 | 62.00 | OK |
Version: 1.0.3
Check: CRAN incoming feasibility
Result: NOTE
Maintainer: ‘Pedro Fonseca <pedro.teles.fonseca@phd.iseg.ulisboa.pt>’
Package CITATION file contains call(s) to old-style citEntry(). Please
use bibentry() instead.
Flavors: r-devel-linux-x86_64-debian-clang, r-devel-linux-x86_64-debian-gcc