Last updated on 2025-05-19 19:50:44 CEST.
Flavor | Version | Tinstall | Tcheck | Ttotal | Status | Flags |
---|---|---|---|---|---|---|
r-devel-linux-x86_64-debian-clang | 0.1.7 | 11.92 | 88.33 | 100.25 | NOTE | |
r-devel-linux-x86_64-debian-gcc | 0.1.7 | 8.06 | 63.03 | 71.09 | NOTE | |
r-devel-linux-x86_64-fedora-clang | 0.1.7 | 153.66 | OK | |||
r-devel-linux-x86_64-fedora-gcc | 0.1.7 | 142.67 | OK | |||
r-devel-windows-x86_64 | 0.1.7 | 13.00 | 107.00 | 120.00 | OK | |
r-patched-linux-x86_64 | 0.1.7 | 8.91 | 81.63 | 90.54 | OK | |
r-release-linux-x86_64 | 0.1.7 | 10.56 | 82.66 | 93.22 | OK | |
r-release-macos-arm64 | 0.1.7 | 44.00 | OK | |||
r-release-macos-x86_64 | 0.1.7 | 83.00 | OK | |||
r-release-windows-x86_64 | 0.1.7 | 13.00 | 92.00 | 105.00 | OK | |
r-oldrel-macos-arm64 | 0.1.7 | 45.00 | OK | |||
r-oldrel-macos-x86_64 | 0.1.7 | 65.00 | OK | |||
r-oldrel-windows-x86_64 | 0.1.7 | 17.00 | 111.00 | 128.00 | OK |
Version: 0.1.7
Check: CRAN incoming feasibility
Result: NOTE
Maintainer: ‘Babatunde Alli <babatunde.alli@mail.mcgill.ca>’
No Authors@R field in DESCRIPTION.
Please add one, modifying
Authors@R: person(given = "Babatunde",
family = "Alli",
role = c("aut", "cre"),
email = "babatunde.alli@mail.mcgill.ca")
as necessary.
Flavors: r-devel-linux-x86_64-debian-clang, r-devel-linux-x86_64-debian-gcc