Last updated on 2025-05-19 19:50:44 CEST.
Flavor | Version | Tinstall | Tcheck | Ttotal | Status | Flags |
---|---|---|---|---|---|---|
r-devel-linux-x86_64-debian-clang | 0.1.0 | 1.73 | 20.84 | 22.57 | OK | |
r-devel-linux-x86_64-debian-gcc | 0.1.0 | 1.56 | 16.25 | 17.81 | OK | |
r-devel-linux-x86_64-fedora-clang | 0.1.0 | 35.63 | OK | |||
r-devel-linux-x86_64-fedora-gcc | 0.1.0 | 34.36 | OK | |||
r-devel-windows-x86_64 | 0.1.0 | 3.00 | 50.00 | 53.00 | OK | |
r-patched-linux-x86_64 | 0.1.0 | 2.38 | 19.92 | 22.30 | OK | |
r-release-linux-x86_64 | 0.1.0 | 1.78 | 19.90 | 21.68 | OK | |
r-release-macos-arm64 | 0.1.0 | 18.00 | OK | |||
r-release-macos-x86_64 | 0.1.0 | 29.00 | OK | |||
r-release-windows-x86_64 | 0.1.0 | 3.00 | 56.00 | 59.00 | OK | |
r-oldrel-macos-arm64 | 0.1.0 | 16.00 | NOTE | |||
r-oldrel-macos-x86_64 | 0.1.0 | 22.00 | NOTE | |||
r-oldrel-windows-x86_64 | 0.1.0 | 3.00 | 47.00 | 50.00 | NOTE |
Version: 0.1.0
Check: LazyData
Result: NOTE
'LazyData' is specified without a 'data' directory
Flavors: r-oldrel-macos-arm64, r-oldrel-macos-x86_64, r-oldrel-windows-x86_64