Last updated on 2025-05-19 19:50:44 CEST.
Flavor | Version | Tinstall | Tcheck | Ttotal | Status | Flags |
---|---|---|---|---|---|---|
r-devel-linux-x86_64-debian-clang | 1.0.1 | 6.57 | 59.19 | 65.76 | NOTE | |
r-devel-linux-x86_64-debian-gcc | 1.0.1 | 4.97 | 45.76 | 50.73 | NOTE | |
r-devel-linux-x86_64-fedora-clang | 1.0.1 | 103.01 | OK | |||
r-devel-linux-x86_64-fedora-gcc | 1.0.1 | 114.91 | OK | |||
r-devel-windows-x86_64 | 1.0.1 | 8.00 | 104.00 | 112.00 | OK | |
r-patched-linux-x86_64 | 1.0.1 | 6.30 | 56.68 | 62.98 | OK | |
r-release-linux-x86_64 | 1.0.1 | 6.28 | 56.37 | 62.65 | OK | |
r-release-macos-arm64 | 1.0.1 | 54.00 | OK | |||
r-release-macos-x86_64 | 1.0.1 | 103.00 | OK | |||
r-release-windows-x86_64 | 1.0.1 | 8.00 | 99.00 | 107.00 | OK | |
r-oldrel-macos-arm64 | 1.0.1 | 44.00 | OK | |||
r-oldrel-macos-x86_64 | 1.0.1 | 70.00 | OK | |||
r-oldrel-windows-x86_64 | 1.0.1 | 10.00 | 112.00 | 122.00 | OK |
Version: 1.0.1
Check: CRAN incoming feasibility
Result: NOTE
Maintainer: ‘Xiang Lyu <xianglyu@berkeley.edu>’
The Description field contains
Nonparametric Additive Models”. arXiv preprint <arXiv:2105.11659>.
Please refer to arXiv e-prints via their arXiv DOI <doi:10.48550/arXiv.YYMM.NNNNN>.
Flavors: r-devel-linux-x86_64-debian-clang, r-devel-linux-x86_64-debian-gcc