Last updated on 2025-05-20 07:50:04 CEST.
Flavor | Version | Tinstall | Tcheck | Ttotal | Status | Flags |
---|---|---|---|---|---|---|
r-devel-linux-x86_64-debian-clang | 0.2.0 | 1.33 | 16.88 | 18.21 | NOTE | |
r-devel-linux-x86_64-debian-gcc | 0.2.0 | 1.25 | 13.66 | 14.91 | NOTE | |
r-devel-linux-x86_64-fedora-clang | 0.2.0 | 29.18 | OK | |||
r-devel-linux-x86_64-fedora-gcc | 0.2.0 | 28.17 | OK | |||
r-devel-windows-x86_64 | 0.2.0 | 3.00 | 49.00 | 52.00 | OK | |
r-patched-linux-x86_64 | 0.2.0 | 1.74 | 16.30 | 18.04 | OK | |
r-release-linux-x86_64 | 0.2.0 | 1.51 | 16.17 | 17.68 | OK | |
r-release-macos-arm64 | 0.2.0 | 15.00 | OK | |||
r-release-macos-x86_64 | 0.2.0 | 22.00 | OK | |||
r-release-windows-x86_64 | 0.2.0 | 2.00 | 45.00 | 47.00 | OK | |
r-oldrel-macos-arm64 | 0.2.0 | 15.00 | OK | |||
r-oldrel-macos-x86_64 | 0.2.0 | 19.00 | OK | |||
r-oldrel-windows-x86_64 | 0.2.0 | 3.00 | 38.00 | 41.00 | OK |
Version: 0.2.0
Check: CRAN incoming feasibility
Result: NOTE
Maintainer: ‘Lingfei Wang <Lingfei.Wang.github@outlook.com>’
No Authors@R field in DESCRIPTION.
Please add one, modifying
Authors@R: person(given = "Lingfei",
family = "Wang",
role = c("aut", "cre"),
email = "Lingfei.Wang.github@outlook.com")
as necessary.
Flavors: r-devel-linux-x86_64-debian-clang, r-devel-linux-x86_64-debian-gcc