Last updated on 2025-05-19 07:49:51 CEST.
Flavor | Version | Tinstall | Tcheck | Ttotal | Status | Flags |
---|---|---|---|---|---|---|
r-devel-linux-x86_64-debian-clang | 2.2.2 | 5.73 | 73.32 | 79.05 | NOTE | |
r-devel-linux-x86_64-debian-gcc | 2.2.2 | 4.01 | 51.65 | 55.66 | NOTE | |
r-devel-linux-x86_64-fedora-clang | 2.2.2 | 125.12 | OK | |||
r-devel-linux-x86_64-fedora-gcc | 2.2.2 | 115.03 | OK | |||
r-devel-windows-x86_64 | 2.2.2 | 10.00 | 118.00 | 128.00 | NOTE | |
r-patched-linux-x86_64 | 2.2.2 | 6.87 | 68.25 | 75.12 | NOTE | |
r-release-linux-x86_64 | 2.2.2 | 5.51 | 68.37 | 73.88 | NOTE | |
r-release-macos-arm64 | 2.2.2 | 67.00 | OK | |||
r-release-macos-x86_64 | 2.2.2 | 68.00 | OK | |||
r-release-windows-x86_64 | 2.2.2 | 9.00 | 107.00 | 116.00 | NOTE | |
r-oldrel-macos-arm64 | 2.2.2 | 34.00 | OK | |||
r-oldrel-macos-x86_64 | 2.2.2 | 57.00 | OK | |||
r-oldrel-windows-x86_64 | 2.2.2 | 13.00 | 114.00 | 127.00 | OK |
Version: 2.2.2
Check: Rd cross-references
Result: NOTE
Found the following Rd file(s) with Rd \link{} targets missing package
anchors:
addRasterImage.Rd: projectRaster
gadmCHE.Rd: getData
Please provide package anchors for all Rd \link{} targets not in the
package itself and the base packages.
Flavors: r-devel-linux-x86_64-debian-clang, r-devel-linux-x86_64-debian-gcc, r-devel-windows-x86_64, r-patched-linux-x86_64, r-release-linux-x86_64, r-release-windows-x86_64