Last updated on 2025-05-19 19:50:45 CEST.
Flavor | Version | Tinstall | Tcheck | Ttotal | Status | Flags |
---|---|---|---|---|---|---|
r-devel-linux-x86_64-debian-clang | 0.1.0 | 1.51 | 19.69 | 21.20 | NOTE | |
r-devel-linux-x86_64-debian-gcc | 0.1.0 | 1.36 | 16.13 | 17.49 | NOTE | |
r-devel-linux-x86_64-fedora-clang | 0.1.0 | 31.84 | NOTE | |||
r-devel-linux-x86_64-fedora-gcc | 0.1.0 | 29.48 | NOTE | |||
r-devel-windows-x86_64 | 0.1.0 | 2.00 | 53.00 | 55.00 | NOTE | |
r-patched-linux-x86_64 | 0.1.0 | 1.37 | 17.46 | 18.83 | NOTE | |
r-release-linux-x86_64 | 0.1.0 | 1.31 | 17.55 | 18.86 | NOTE | |
r-release-macos-arm64 | 0.1.0 | 15.00 | NOTE | |||
r-release-macos-x86_64 | 0.1.0 | 24.00 | NOTE | |||
r-release-windows-x86_64 | 0.1.0 | 3.00 | 48.00 | 51.00 | NOTE | |
r-oldrel-macos-arm64 | 0.1.0 | 14.00 | NOTE | |||
r-oldrel-macos-x86_64 | 0.1.0 | 21.00 | NOTE | |||
r-oldrel-windows-x86_64 | 0.1.0 | 2.00 | 45.00 | 47.00 | NOTE |
Version: 0.1.0
Check: Rd files
Result: NOTE
checkRd: (-1) lenght.Rd:13: Lost braces; missing escapes or markup?
13 | The default method for lenght currently returns a non-negative integer of length 1, except for vectors of more than 2^{31}-1 elements, when it returns a double.
| ^
checkRd: (-1) length.Rd:13: Lost braces; missing escapes or markup?
13 | The default method for length currently returns a non-negative integer of length 1, except for vectors of more than 2^{31}-1 elements, when it returns a double.
| ^
checkRd: (-1) lenhgt.Rd:13: Lost braces; missing escapes or markup?
13 | The default method for lenhgt currently returns a non-negative integer of length 1, except for vectors of more than 2^{31}-1 elements, when it returns a double.
| ^
checkRd: (-1) lenhtg.Rd:13: Lost braces; missing escapes or markup?
13 | The default method for lenhtg currently returns a non-negative integer of length 1, except for vectors of more than 2^{31}-1 elements, when it returns a double.
| ^
checkRd: (-1) lentgh.Rd:13: Lost braces; missing escapes or markup?
13 | The default method for lentgh currently returns a non-negative integer of length 1, except for vectors of more than 2^{31}-1 elements, when it returns a double.
| ^
checkRd: (-1) lenthg.Rd:13: Lost braces; missing escapes or markup?
13 | The default method for lenthg currently returns a non-negative integer of length 1, except for vectors of more than 2^{31}-1 elements, when it returns a double.
| ^
Flavors: r-devel-linux-x86_64-debian-clang, r-devel-linux-x86_64-debian-gcc, r-devel-linux-x86_64-fedora-clang, r-devel-linux-x86_64-fedora-gcc, r-devel-windows-x86_64, r-patched-linux-x86_64, r-release-linux-x86_64, r-release-macos-arm64, r-release-macos-x86_64, r-release-windows-x86_64, r-oldrel-macos-arm64, r-oldrel-macos-x86_64, r-oldrel-windows-x86_64