Last updated on 2025-05-19 19:50:45 CEST.
Flavor | Version | Tinstall | Tcheck | Ttotal | Status | Flags |
---|---|---|---|---|---|---|
r-devel-linux-x86_64-debian-clang | 4.1.2 | 128.53 | 533.85 | 662.38 | NOTE | |
r-devel-linux-x86_64-debian-gcc | 4.1.2 | 86.68 | 324.38 | 411.06 | NOTE | |
r-devel-linux-x86_64-fedora-clang | 4.1.2 | 1129.33 | NOTE | |||
r-devel-linux-x86_64-fedora-gcc | 4.1.2 | 1157.72 | NOTE | |||
r-devel-windows-x86_64 | 4.1.2 | 126.00 | 506.00 | 632.00 | NOTE | |
r-patched-linux-x86_64 | 4.1.2 | 125.66 | 506.57 | 632.23 | NOTE | |
r-release-linux-x86_64 | 4.1.2 | 126.35 | 496.79 | 623.14 | NOTE | |
r-release-macos-arm64 | 4.1.2 | 361.00 | NOTE | |||
r-release-macos-x86_64 | 4.1.2 | 546.00 | NOTE | |||
r-release-windows-x86_64 | 4.1.2 | 136.00 | 488.00 | 624.00 | NOTE | |
r-oldrel-macos-arm64 | 4.1.2 | 237.00 | NOTE | |||
r-oldrel-macos-x86_64 | 4.1.2 | 605.00 | NOTE | |||
r-oldrel-windows-x86_64 | 4.1.2 | 163.00 | 530.00 | 693.00 | NOTE |
Version: 4.1.2
Check: compiled code
Result: NOTE
File ‘lidR/libs/lidR.so’:
Found non-API call to R: ‘Rf_GetOption’
Compiled code should not call non-API entry points in R.
See ‘Writing portable packages’ in the ‘Writing R Extensions’ manual,
and section ‘Moving into C API compliance’ for issues with the use of
non-API entry points.
Flavors: r-devel-linux-x86_64-debian-clang, r-devel-linux-x86_64-debian-gcc, r-devel-linux-x86_64-fedora-clang, r-devel-linux-x86_64-fedora-gcc, r-patched-linux-x86_64, r-release-linux-x86_64, r-release-macos-arm64, r-release-macos-x86_64
Version: 4.1.2
Check: compiled code
Result: NOTE
File 'lidR/libs/x64/lidR.dll':
Found non-API call to R: 'Rf_GetOption'
Compiled code should not call non-API entry points in R.
See 'Writing portable packages' in the 'Writing R Extensions' manual,
and section 'Moving into C API compliance' for issues with the use of
non-API entry points.
Flavors: r-devel-windows-x86_64, r-release-windows-x86_64
Version: 4.1.2
Check: installed package size
Result: NOTE
installed size is 12.8Mb
sub-directories of 1Mb or more:
R 2.0Mb
doc 1.0Mb
extdata 1.2Mb
libs 8.0Mb
Flavors: r-oldrel-macos-arm64, r-oldrel-macos-x86_64, r-oldrel-windows-x86_64