CRAN Package Check Results for Package lmmot

Last updated on 2025-05-19 19:50:45 CEST.

Flavor Version Tinstall Tcheck Ttotal Status Flags
r-devel-linux-x86_64-debian-clang 0.1.4 2.26 26.86 29.12 NOTE
r-devel-linux-x86_64-debian-gcc 0.1.4 2.30 20.51 22.81 NOTE
r-devel-linux-x86_64-fedora-clang 0.1.4 45.88 OK
r-devel-linux-x86_64-fedora-gcc 0.1.4 43.80 OK
r-devel-windows-x86_64 0.1.4 5.00 57.00 62.00 OK
r-patched-linux-x86_64 0.1.4 2.67 25.34 28.01 OK
r-release-linux-x86_64 0.1.4 2.51 25.26 27.77 OK
r-release-macos-arm64 0.1.4 21.00 OK
r-release-macos-x86_64 0.1.4 50.00 OK
r-release-windows-x86_64 0.1.4 4.00 57.00 61.00 OK
r-oldrel-macos-arm64 0.1.4 20.00 OK
r-oldrel-macos-x86_64 0.1.4 43.00 OK
r-oldrel-windows-x86_64 0.1.4 5.00 57.00 62.00 OK

Check Details

Version: 0.1.4
Check: CRAN incoming feasibility
Result: NOTE Maintainer: ‘Marvin N. Wright <marv@wrig.de>’ No Authors@R field in DESCRIPTION. Please add one, modifying Authors@R: person(given = c("Marvin", "N."), family = "Wright", role = c("aut", "cre"), email = "marv@wrig.de") as necessary. Flavors: r-devel-linux-x86_64-debian-clang, r-devel-linux-x86_64-debian-gcc