Last updated on 2025-05-19 19:50:45 CEST.
Flavor | Version | Tinstall | Tcheck | Ttotal | Status | Flags |
---|---|---|---|---|---|---|
r-devel-linux-x86_64-debian-clang | 1.0.3 | 28.19 | 179.90 | 208.09 | NOTE | |
r-devel-linux-x86_64-debian-gcc | 1.0.3 | 19.19 | 129.31 | 148.50 | NOTE | |
r-devel-linux-x86_64-fedora-clang | 1.0.3 | 355.29 | NOTE | |||
r-devel-linux-x86_64-fedora-gcc | 1.0.3 | 354.68 | NOTE | |||
r-devel-windows-x86_64 | 1.0.3 | 23.00 | 300.00 | 323.00 | NOTE | |
r-patched-linux-x86_64 | 1.0.3 | 23.60 | 172.06 | 195.66 | NOTE | |
r-release-linux-x86_64 | 1.0.3 | 25.53 | 171.25 | 196.78 | NOTE | |
r-release-macos-arm64 | 1.0.3 | 171.00 | NOTE | |||
r-release-macos-x86_64 | 1.0.3 | 210.00 | NOTE | |||
r-release-windows-x86_64 | 1.0.3 | 22.00 | 251.00 | 273.00 | NOTE | |
r-oldrel-macos-arm64 | 1.0.3 | 174.00 | NOTE | |||
r-oldrel-macos-x86_64 | 1.0.3 | 148.00 | NOTE | |||
r-oldrel-windows-x86_64 | 1.0.3 | 30.00 | 193.00 | 223.00 | NOTE |
Version: 1.0.3
Check: Rd files
Result: NOTE
checkRd: (-1) loon.shiny.Rd:93-102: Lost braces in \itemize; meant \describe ?
checkRd: (-1) loon.shiny.Rd:95-96: Lost braces in \itemize; meant \describe ?
checkRd: (-1) loon.shiny.Rd:97: Lost braces in \itemize; meant \describe ?
checkRd: (-1) loon.shiny.Rd:98-100: Lost braces in \itemize; meant \describe ?
checkRd: (-1) loon.shiny.Rd:103-108: Lost braces in \itemize; meant \describe ?
checkRd: (-1) loon.shiny.Rd:105: Lost braces in \itemize; meant \describe ?
checkRd: (-1) loon.shiny.Rd:106: Lost braces in \itemize; meant \describe ?
Flavors: r-devel-linux-x86_64-debian-clang, r-devel-linux-x86_64-debian-gcc, r-devel-linux-x86_64-fedora-clang, r-devel-linux-x86_64-fedora-gcc, r-devel-windows-x86_64, r-patched-linux-x86_64, r-release-linux-x86_64, r-release-macos-arm64, r-release-macos-x86_64, r-release-windows-x86_64, r-oldrel-macos-arm64, r-oldrel-macos-x86_64, r-oldrel-windows-x86_64
Version: 1.0.3
Check: Rd cross-references
Result: NOTE
Found the following Rd file(s) with Rd \link{} targets missing package
anchors:
loon.shiny.Rd: ggplot2loon, grid.arrange, shinyApp, runApp
shiny.loon-deprecated.Rd: ggplot2loon, grid.arrange, shinyApp
Please provide package anchors for all Rd \link{} targets not in the
package itself and the base packages.
Flavors: r-devel-linux-x86_64-debian-clang, r-devel-linux-x86_64-debian-gcc, r-devel-windows-x86_64, r-patched-linux-x86_64, r-release-linux-x86_64, r-release-windows-x86_64