CRAN Package Check Results for Package ltmle

Last updated on 2025-05-19 19:50:45 CEST.

Flavor Version Tinstall Tcheck Ttotal Status Flags
r-devel-linux-x86_64-debian-clang 1.3-0 4.53 74.75 79.28 OK
r-devel-linux-x86_64-debian-gcc 1.3-0 3.19 52.46 55.65 OK
r-devel-linux-x86_64-fedora-clang 1.3-0 126.38 OK
r-devel-linux-x86_64-fedora-gcc 1.3-0 121.15 OK
r-devel-windows-x86_64 1.3-0 6.00 0.00 6.00 FAIL
r-patched-linux-x86_64 1.3-0 5.30 70.55 75.85 OK
r-release-linux-x86_64 1.3-0 4.04 70.92 74.96 OK
r-release-macos-arm64 1.3-0 47.00 OK
r-release-macos-x86_64 1.3-0 69.00 OK
r-release-windows-x86_64 1.3-0 6.00 85.00 91.00 OK
r-oldrel-macos-arm64 1.3-0 35.00 OK
r-oldrel-macos-x86_64 1.3-0 54.00 OK
r-oldrel-windows-x86_64 1.3-0 7.00 108.00 115.00 OK

Check Details

Version: 1.3-0
Check: PDF version of manual
Result: FAIL Check process probably crashed or hung up for 20 minutes ... killed Most likely this happened in the example checks (?), if not, ignore the following last lines of example output: p-value: 0.00023451 95% Conf Interval: (1.2782, 2.2374) Odds Ratio: Parameter Estimate: 4.4117 Est Std Err log(OR): 0.35018 p-value: 2.2491e-05 95% Conf Interval: (2.2209, 8.7635) > > ## For examples of summary.ltmle and summary.ltmleMSM, see example(ltmle) > > > > > ### * <FOOTER> > ### > cleanEx() > options(digits = 7L) > base::cat("Time elapsed: ", proc.time() - base::get("ptime", pos = 'CheckExEnv'),"\n") Time elapsed: 3.97 0.4 4.39 NA NA > grDevices::dev.off() null device 1 > ### > ### Local variables: *** > ### mode: outline-minor *** > ### outline-regexp: "\\(> \\)?### [*]+" *** > ### End: *** > quit('no') ======== End of example output (where/before crash/hang up occured ?) ======== Flavor: r-devel-windows-x86_64