Last updated on 2025-05-19 19:50:46 CEST.
Flavor | Version | Tinstall | Tcheck | Ttotal | Status | Flags |
---|---|---|---|---|---|---|
r-devel-linux-x86_64-debian-clang | 1.2.2 | 2.22 | 29.67 | 31.89 | NOTE | |
r-devel-linux-x86_64-debian-gcc | 1.2.2 | 1.71 | 24.02 | 25.73 | NOTE | |
r-devel-linux-x86_64-fedora-clang | 1.2.2 | 48.96 | OK | |||
r-devel-linux-x86_64-fedora-gcc | 1.2.2 | 61.06 | OK | |||
r-devel-windows-x86_64 | 1.2.2 | 4.00 | 57.00 | 61.00 | OK | |
r-patched-linux-x86_64 | 1.2.2 | 2.01 | 27.68 | 29.69 | OK | |
r-release-linux-x86_64 | 1.2.2 | 2.11 | 27.31 | 29.42 | OK | |
r-release-macos-arm64 | 1.2.2 | 58.00 | OK | |||
r-release-macos-x86_64 | 1.2.2 | 43.00 | OK | |||
r-release-windows-x86_64 | 1.2.2 | 4.00 | 72.00 | 76.00 | OK | |
r-oldrel-macos-arm64 | 1.2.2 | 24.00 | OK | |||
r-oldrel-macos-x86_64 | 1.2.2 | 58.00 | OK | |||
r-oldrel-windows-x86_64 | 1.2.2 | 4.00 | 60.00 | 64.00 | OK |
Version: 1.2.2
Check: CRAN incoming feasibility
Result: NOTE
Maintainer: ‘Gregory R. Warnes <greg@warnes.net>’
No Authors@R field in DESCRIPTION.
Please add one, modifying
Authors@R: c(person(given = c("Gregory", "R."),
family = "Warnes",
role = c("aut", "cre"),
email = "greg@warnes.net"),
person(given = "Robert",
family = "Burrows",
role = "aut"))
as necessary.
Flavors: r-devel-linux-x86_64-debian-clang, r-devel-linux-x86_64-debian-gcc