CRAN Package Check Results for Package medicalrisk

Last updated on 2025-05-19 19:50:46 CEST.

Flavor Version Tinstall Tcheck Ttotal Status Flags
r-devel-linux-x86_64-debian-clang 1.3 3.04 38.46 41.50 NOTE
r-devel-linux-x86_64-debian-gcc 1.3 2.95 30.17 33.12 NOTE
r-devel-linux-x86_64-fedora-clang 1.3 68.20 OK
r-devel-linux-x86_64-fedora-gcc 1.3 104.22 OK
r-devel-windows-x86_64 1.3 6.00 74.00 80.00 NOTE
r-patched-linux-x86_64 1.3 4.00 37.00 41.00 NOTE
r-release-linux-x86_64 1.3 4.15 37.16 41.31 NOTE
r-release-macos-arm64 1.3 46.00 OK
r-release-macos-x86_64 1.3 71.00 OK
r-release-windows-x86_64 1.3 6.00 69.00 75.00 NOTE
r-oldrel-macos-arm64 1.3 35.00 OK
r-oldrel-macos-x86_64 1.3 54.00 OK
r-oldrel-windows-x86_64 1.3 7.00 71.00 78.00 OK

Check Details

Version: 1.3
Check: Rd cross-references
Result: NOTE Found the following Rd file(s) with Rd \link{} targets missing package anchors: generate_comorbidity_df.Rd: ddply melt_icd9list.Rd: ddply Please provide package anchors for all Rd \link{} targets not in the package itself and the base packages. Flavors: r-devel-linux-x86_64-debian-clang, r-devel-linux-x86_64-debian-gcc, r-devel-windows-x86_64, r-patched-linux-x86_64, r-release-linux-x86_64, r-release-windows-x86_64