Last updated on 2025-05-19 19:50:47 CEST.
Flavor | Version | Tinstall | Tcheck | Ttotal | Status | Flags |
---|---|---|---|---|---|---|
r-devel-linux-x86_64-debian-clang | 1.2.1 | 5.53 | 85.32 | 90.85 | NOTE | |
r-devel-linux-x86_64-debian-gcc | 1.2.1 | 3.89 | 58.79 | 62.68 | NOTE | |
r-devel-linux-x86_64-fedora-clang | 1.2.1 | 144.78 | NOTE | |||
r-devel-linux-x86_64-fedora-gcc | 1.2.1 | 147.12 | NOTE | |||
r-devel-windows-x86_64 | 1.2.1 | 7.00 | 108.00 | 115.00 | NOTE | |
r-patched-linux-x86_64 | 1.2.1 | 5.23 | 78.28 | 83.51 | NOTE | |
r-release-linux-x86_64 | 1.2.1 | 5.68 | 79.59 | 85.27 | NOTE | |
r-release-macos-arm64 | 1.2.1 | 46.00 | NOTE | |||
r-release-macos-x86_64 | 1.2.1 | 95.00 | NOTE | |||
r-release-windows-x86_64 | 1.2.1 | 8.00 | 105.00 | 113.00 | NOTE | |
r-oldrel-macos-arm64 | 1.2.1 | 56.00 | NOTE | |||
r-oldrel-macos-x86_64 | 1.2.1 | 100.00 | NOTE | |||
r-oldrel-windows-x86_64 | 1.2.1 | 10.00 | 125.00 | 135.00 | NOTE |
Version: 1.2.1
Check: Rd files
Result: NOTE
checkRd: (-1) circ_dist.Rd:21: Lost braces; missing escapes or markup?
21 | The distance between two observations {i} and {j} of a circular variable {q}
| ^
checkRd: (-1) circ_dist.Rd:21: Lost braces; missing escapes or markup?
21 | The distance between two observations {i} and {j} of a circular variable {q}
| ^
checkRd: (-1) circ_dist.Rd:21: Lost braces; missing escapes or markup?
21 | The distance between two observations {i} and {j} of a circular variable {q}
| ^
Flavors: r-devel-linux-x86_64-debian-clang, r-devel-linux-x86_64-debian-gcc, r-devel-linux-x86_64-fedora-clang, r-devel-linux-x86_64-fedora-gcc, r-devel-windows-x86_64, r-patched-linux-x86_64, r-release-linux-x86_64, r-release-macos-arm64, r-release-macos-x86_64, r-release-windows-x86_64, r-oldrel-macos-arm64, r-oldrel-macos-x86_64, r-oldrel-windows-x86_64