Last updated on 2025-05-19 19:50:47 CEST.
Flavor | Version | Tinstall | Tcheck | Ttotal | Status | Flags |
---|---|---|---|---|---|---|
r-devel-linux-x86_64-debian-clang | 0.2.0 | 61.80 | 916.89 | 978.69 | NOTE | |
r-devel-linux-x86_64-debian-gcc | 0.2.0 | 47.85 | 690.36 | 738.21 | NOTE | |
r-devel-linux-x86_64-fedora-clang | 0.2.0 | 1525.99 | NOTE | |||
r-devel-linux-x86_64-fedora-gcc | 0.2.0 | 1561.76 | NOTE | |||
r-devel-windows-x86_64 | 0.2.0 | 58.00 | 1029.00 | 1087.00 | NOTE | |
r-patched-linux-x86_64 | 0.2.0 | 61.82 | 921.41 | 983.23 | NOTE | |
r-release-linux-x86_64 | 0.2.0 | 62.29 | 906.75 | 969.04 | NOTE | |
r-release-macos-arm64 | 0.2.0 | 427.00 | NOTE | |||
r-release-macos-x86_64 | 0.2.0 | 1201.00 | NOTE | |||
r-release-windows-x86_64 | 0.2.0 | 57.00 | 973.00 | 1030.00 | NOTE | |
r-oldrel-macos-arm64 | 0.2.0 | 328.00 | OK | |||
r-oldrel-macos-x86_64 | 0.2.0 | 884.00 | OK | |||
r-oldrel-windows-x86_64 | 0.2.0 | 76.00 | 1077.00 | 1153.00 | OK |
Version: 0.2.0
Check: DESCRIPTION meta-information
Result: NOTE
Missing dependency on R >= 4.2.0 because package code uses the pipe
placeholder syntax added in R 4.2.0.
File(s) using such syntax:
‘predict.R’ ‘sensitivity.R’ ‘treatment_profile.R’
Flavors: r-devel-linux-x86_64-debian-clang, r-devel-linux-x86_64-debian-gcc, r-devel-linux-x86_64-fedora-clang, r-devel-linux-x86_64-fedora-gcc, r-devel-windows-x86_64, r-patched-linux-x86_64, r-release-linux-x86_64, r-release-macos-arm64, r-release-macos-x86_64, r-release-windows-x86_64