Last updated on 2025-05-19 19:50:47 CEST.
Flavor | Version | Tinstall | Tcheck | Ttotal | Status | Flags |
---|---|---|---|---|---|---|
r-devel-linux-x86_64-debian-clang | 0.1.5 | 30.73 | 70.64 | 101.37 | NOTE | |
r-devel-linux-x86_64-debian-gcc | 0.1.5 | 24.41 | 53.54 | 77.95 | NOTE | |
r-devel-linux-x86_64-fedora-clang | 0.1.5 | 180.28 | OK | |||
r-devel-linux-x86_64-fedora-gcc | 0.1.5 | 183.54 | OK | |||
r-devel-windows-x86_64 | 0.1.5 | 34.00 | 114.00 | 148.00 | OK | |
r-patched-linux-x86_64 | 0.1.5 | 33.34 | 66.98 | 100.32 | OK | |
r-release-linux-x86_64 | 0.1.5 | 32.82 | 66.43 | 99.25 | OK | |
r-release-macos-arm64 | 0.1.5 | 61.00 | OK | |||
r-release-macos-x86_64 | 0.1.5 | 97.00 | OK | |||
r-release-windows-x86_64 | 0.1.5 | 34.00 | 106.00 | 140.00 | OK | |
r-oldrel-macos-arm64 | 0.1.5 | 49.00 | OK | |||
r-oldrel-macos-x86_64 | 0.1.5 | 75.00 | OK | |||
r-oldrel-windows-x86_64 | 0.1.5 | 41.00 | 123.00 | 164.00 | OK |
Version: 0.1.5
Check: CRAN incoming feasibility
Result: NOTE
Maintainer: ‘Tommy Jones <jones.thos.w@gmail.com>’
The Description field contains
Jones (2019) <arXiv:1911.11061>.
Please refer to arXiv e-prints via their arXiv DOI <doi:10.48550/arXiv.YYMM.NNNNN>.
Flavors: r-devel-linux-x86_64-debian-clang, r-devel-linux-x86_64-debian-gcc