Last updated on 2025-05-19 19:50:48 CEST.
Flavor | Version | Tinstall | Tcheck | Ttotal | Status | Flags |
---|---|---|---|---|---|---|
r-devel-linux-x86_64-debian-clang | 7.3-20 | 3.71 | 22.20 | 25.91 | NOTE | |
r-devel-linux-x86_64-debian-gcc | 7.3-20 | 2.65 | 17.12 | 19.77 | NOTE | |
r-devel-linux-x86_64-fedora-clang | 7.3-20 | 41.40 | OK | |||
r-devel-linux-x86_64-fedora-gcc | 7.3-20 | 38.75 | OK | |||
r-devel-windows-x86_64 | 7.3-20 | 9.00 | 52.00 | 61.00 | OK | |
r-patched-linux-x86_64 | 7.3-20 | 3.17 | 21.00 | 24.17 | OK | |
r-release-linux-x86_64 | 7.3-20 | 2.71 | 20.63 | 23.34 | OK | |
r-release-macos-arm64 | 7.3-20 | 17.00 | OK | |||
r-release-macos-x86_64 | 7.3-20 | 37.00 | OK | |||
r-release-windows-x86_64 | 7.3-20 | 1.00 | 6.00 | 7.00 | ERROR | |
r-oldrel-macos-arm64 | 7.3-20 | 23.00 | OK | |||
r-oldrel-macos-x86_64 | 7.3-20 | 63.00 | OK | |||
r-oldrel-windows-x86_64 | 7.3-20 | 7.00 | 49.00 | 56.00 | OK |
Version: 7.3-20
Check: CRAN incoming feasibility
Result: NOTE
Maintainer: ‘Brian Ripley <Brian.Ripley@R-project.org>’
Package CITATION file contains call(s) to old-style personList() or
as.personList(). Please use c() on person objects instead.
Package CITATION file contains call(s) to old-style citEntry(). Please
use bibentry() instead.
Flavors: r-devel-linux-x86_64-debian-clang, r-devel-linux-x86_64-debian-gcc
Version: 7.3-20
Check: whether package can be installed
Result: ERROR
Installation failed.
Flavor: r-release-windows-x86_64