Last updated on 2025-05-19 19:50:48 CEST.
Flavor | Version | Tinstall | Tcheck | Ttotal | Status | Flags |
---|---|---|---|---|---|---|
r-devel-linux-x86_64-debian-clang | 0.5-0 | 4.08 | 47.73 | 51.81 | NOTE | |
r-devel-linux-x86_64-debian-gcc | 0.5-0 | 2.77 | 32.88 | 35.65 | NOTE | |
r-devel-linux-x86_64-fedora-clang | 0.5-0 | 80.92 | OK | |||
r-devel-linux-x86_64-fedora-gcc | 0.5-0 | 78.17 | OK | |||
r-devel-windows-x86_64 | 0.5-0 | 6.00 | 75.00 | 81.00 | OK | |
r-patched-linux-x86_64 | 0.5-0 | 4.12 | 45.45 | 49.57 | OK | |
r-release-linux-x86_64 | 0.5-0 | 3.77 | 45.78 | 49.55 | OK | |
r-release-macos-arm64 | 0.5-0 | 23.00 | OK | |||
r-release-macos-x86_64 | 0.5-0 | 48.00 | OK | |||
r-release-windows-x86_64 | 0.5-0 | 5.00 | 69.00 | 74.00 | OK | |
r-oldrel-macos-arm64 | 0.5-0 | 24.00 | OK | |||
r-oldrel-macos-x86_64 | 0.5-0 | 37.00 | OK | |||
r-oldrel-windows-x86_64 | 0.5-0 | 5.00 | 64.00 | 69.00 | OK |
Version: 0.5-0
Check: CRAN incoming feasibility
Result: NOTE
Maintainer: ‘Yong Wang <yongwang@auckland.ac.nz>’
No Authors@R field in DESCRIPTION.
Please add one, modifying
Authors@R: person(given = "Yong",
family = "Wang",
role = c("aut", "cre"),
email = "yongwang@auckland.ac.nz")
as necessary.
Flavors: r-devel-linux-x86_64-debian-clang, r-devel-linux-x86_64-debian-gcc