Last updated on 2025-05-19 19:50:49 CEST.
Flavor | Version | Tinstall | Tcheck | Ttotal | Status | Flags |
---|---|---|---|---|---|---|
r-devel-linux-x86_64-debian-clang | 0.0.4 | 1.73 | 20.12 | 21.85 | NOTE | |
r-devel-linux-x86_64-debian-gcc | 0.0.4 | 1.40 | 16.77 | 18.17 | NOTE | |
r-devel-linux-x86_64-fedora-clang | 0.0.4 | 34.09 | OK | |||
r-devel-linux-x86_64-fedora-gcc | 0.0.4 | 32.51 | OK | |||
r-devel-windows-x86_64 | 0.0.4 | 2.00 | 50.00 | 52.00 | OK | |
r-patched-linux-x86_64 | 0.0.4 | 1.66 | 19.48 | 21.14 | OK | |
r-release-linux-x86_64 | 0.0.4 | 1.77 | 19.68 | 21.45 | OK | |
r-release-macos-arm64 | 0.0.4 | 17.00 | OK | |||
r-release-macos-x86_64 | 0.0.4 | 27.00 | OK | |||
r-release-windows-x86_64 | 0.0.4 | 3.00 | 54.00 | 57.00 | OK | |
r-oldrel-macos-arm64 | 0.0.4 | 16.00 | OK | |||
r-oldrel-macos-x86_64 | 0.0.4 | 22.00 | OK | |||
r-oldrel-windows-x86_64 | 0.0.4 | 2.00 | 45.00 | 47.00 | OK |
Version: 0.0.4
Check: CRAN incoming feasibility
Result: NOTE
Maintainer: ‘Jason Waddell <jason.waddell@openanalytics.eu>’
No Authors@R field in DESCRIPTION.
Please add one, modifying
Authors@R: person(given = "Jason",
family = "Waddell",
role = c("aut", "cre"),
email = "jason.waddell@openanalytics.eu")
as necessary.
Flavors: r-devel-linux-x86_64-debian-clang, r-devel-linux-x86_64-debian-gcc