Last updated on 2025-05-19 19:50:49 CEST.
Flavor | Version | Tinstall | Tcheck | Ttotal | Status | Flags |
---|---|---|---|---|---|---|
r-devel-linux-x86_64-debian-clang | 1.0.6 | 9.83 | 92.52 | 102.35 | NOTE | |
r-devel-linux-x86_64-debian-gcc | 1.0.6 | 7.36 | 66.69 | 74.05 | NOTE | |
r-devel-linux-x86_64-fedora-clang | 1.0.6 | 160.32 | NOTE | |||
r-devel-linux-x86_64-fedora-gcc | 1.0.6 | 165.83 | NOTE | |||
r-devel-windows-x86_64 | 1.0.6 | 12.00 | 117.00 | 129.00 | NOTE | |
r-patched-linux-x86_64 | 1.0.6 | 9.07 | 86.34 | 95.41 | NOTE | |
r-release-linux-x86_64 | 1.0.6 | 9.27 | 86.77 | 96.04 | NOTE | |
r-release-macos-arm64 | 1.0.6 | 64.00 | NOTE | |||
r-release-macos-x86_64 | 1.0.6 | 95.00 | NOTE | |||
r-release-windows-x86_64 | 1.0.6 | 12.00 | 105.00 | 117.00 | NOTE | |
r-oldrel-macos-arm64 | 1.0.6 | 55.00 | OK | |||
r-oldrel-macos-x86_64 | 1.0.6 | 92.00 | OK | |||
r-oldrel-windows-x86_64 | 1.0.6 | 16.00 | 125.00 | 141.00 | OK |
Version: 1.0.6
Check: DESCRIPTION meta-information
Result: NOTE
Missing dependency on R >= 4.1.0 because package code uses the pipe
|> or function shorthand \(...) syntax added in R 4.1.0.
File(s) using such syntax:
‘span_table.R’
Flavors: r-devel-linux-x86_64-debian-clang, r-devel-linux-x86_64-debian-gcc, r-devel-linux-x86_64-fedora-clang, r-devel-linux-x86_64-fedora-gcc, r-devel-windows-x86_64, r-patched-linux-x86_64, r-release-linux-x86_64, r-release-macos-arm64, r-release-macos-x86_64, r-release-windows-x86_64