Last updated on 2025-05-19 19:50:49 CEST.
Flavor | Version | Tinstall | Tcheck | Ttotal | Status | Flags |
---|---|---|---|---|---|---|
r-devel-linux-x86_64-debian-clang | 0.2.0 | 2.48 | 160.95 | 163.43 | NOTE | |
r-devel-linux-x86_64-debian-gcc | 0.2.0 | 1.73 | 112.53 | 114.26 | NOTE | |
r-devel-linux-x86_64-fedora-clang | 0.2.0 | 278.51 | NOTE | |||
r-devel-linux-x86_64-fedora-gcc | 0.2.0 | 287.73 | NOTE | |||
r-devel-windows-x86_64 | 0.2.0 | 3.00 | 199.00 | 202.00 | OK | |
r-patched-linux-x86_64 | 0.2.0 | 2.67 | 156.94 | 159.61 | OK | |
r-release-linux-x86_64 | 0.2.0 | 2.26 | 156.35 | 158.61 | OK | |
r-release-macos-arm64 | 0.2.0 | 95.00 | OK | |||
r-release-macos-x86_64 | 0.2.0 | 184.00 | OK | |||
r-release-windows-x86_64 | 0.2.0 | 4.00 | 188.00 | 192.00 | OK | |
r-oldrel-macos-arm64 | 0.2.0 | 84.00 | OK | |||
r-oldrel-macos-x86_64 | 0.2.0 | 166.00 | OK | |||
r-oldrel-windows-x86_64 | 0.2.0 | 4.00 | 227.00 | 231.00 | OK |
Version: 0.2.0
Check: CRAN incoming feasibility
Result: NOTE
Maintainer: ‘Mitchell Lyons <mitchell.lyons@gmail.com>’
Found the following \keyword or \concept entries
which likely give several index terms:
File ‘find_optimal.Rd’:
\keyword{optimal,}
\keyword{partition,}
File ‘get_characteristic.Rd’:
\keyword{characteristic,}
\keyword{diagnostic,}
File ‘merge_clusters.Rd’:
\keyword{iterative,}
\keyword{merging,}
\keyword{reallocation,}
Flavors: r-devel-linux-x86_64-debian-clang, r-devel-linux-x86_64-debian-gcc
Version: 0.2.0
Check: dependencies in R code
Result: NOTE
Namespace in Imports field not imported from: ‘methods’
All declared Imports should be used.
Flavors: r-devel-linux-x86_64-fedora-clang, r-devel-linux-x86_64-fedora-gcc