Last updated on 2025-05-19 19:50:50 CEST.
Flavor | Version | Tinstall | Tcheck | Ttotal | Status | Flags |
---|---|---|---|---|---|---|
r-devel-linux-x86_64-debian-clang | 0.9.0 | 1734.49 | 467.31 | 2201.80 | OK | |
r-devel-linux-x86_64-debian-gcc | 0.9.0 | 1708.82 | 317.67 | 2026.49 | OK | |
r-devel-linux-x86_64-fedora-clang | 0.9.0 | 4612.11 | OK | |||
r-devel-linux-x86_64-fedora-gcc | 0.9.0 | 3585.13 | OK | |||
r-devel-windows-x86_64 | 0.9.0 | 1268.00 | 0.00 | 1268.00 | FAIL | |
r-patched-linux-x86_64 | 0.9.0 | 1758.65 | 431.54 | 2190.19 | OK | |
r-release-linux-x86_64 | 0.9.0 | 1702.09 | 433.88 | 2135.97 | OK | |
r-release-macos-arm64 | 0.9.0 | 1803.00 | OK | |||
r-release-macos-x86_64 | 0.9.0 | 1802.00 | ERROR | |||
r-release-windows-x86_64 | 0.9.0 | 1223.00 | 757.00 | 1980.00 | OK | |
r-oldrel-macos-arm64 | 0.9.0 | 1758.00 | NOTE | |||
r-oldrel-macos-x86_64 | 0.9.0 | 1238.00 | NOTE | |||
r-oldrel-windows-x86_64 | 0.9.0 | 1672.00 | 669.00 | 2341.00 | NOTE |
Version: 0.9.0
Check: PDF version of manual
Result: FAIL
Check process probably crashed or hung up for 20 minutes ... killed
Most likely this happened in the example checks (?),
if not, ignore the following last lines of example output:
> ### Title: Amazon QuickSight
> ### Aliases: quicksight
>
> ### ** Examples
>
> ## Not run:
> ##D svc <- quicksight()
> ##D svc$batch_create_topic_reviewed_answer(
> ##D Foo = 123
> ##D )
> ## End(Not run)
>
>
>
>
> ### * <FOOTER>
> ###
> cleanEx()
> options(digits = 7L)
> base::cat("Time elapsed: ", proc.time() - base::get("ptime", pos = 'CheckExEnv'),"\n")
Time elapsed: 1.87 0.11 1.98 NA NA
> grDevices::dev.off()
null device
1
> ###
> ### Local variables: ***
> ### mode: outline-minor ***
> ### outline-regexp: "\\(> \\)?### [*]+" ***
> ### End: ***
> quit('no')
======== End of example output (where/before crash/hang up occured ?) ========
Flavor: r-devel-windows-x86_64
Version: 0.9.0
Check: whether package can be installed
Result: ERROR
Installation failed.
Flavor: r-release-macos-x86_64
Version: 0.9.0
Check: installed package size
Result: NOTE
installed size is 11.5Mb
sub-directories of 1Mb or more:
R 8.4Mb
help 2.8Mb
Flavors: r-oldrel-macos-arm64, r-oldrel-macos-x86_64, r-oldrel-windows-x86_64