Last updated on 2025-05-19 07:49:55 CEST.
Flavor | Version | Tinstall | Tcheck | Ttotal | Status | Flags |
---|---|---|---|---|---|---|
r-devel-linux-x86_64-debian-clang | 1.0.2 | 1.58 | 22.96 | 24.54 | OK | |
r-devel-linux-x86_64-debian-gcc | 1.0.2 | 1.33 | 19.47 | 20.80 | OK | |
r-devel-linux-x86_64-fedora-clang | 1.0.2 | 38.00 | OK | |||
r-devel-linux-x86_64-fedora-gcc | 1.0.2 | 50.88 | OK | |||
r-devel-windows-x86_64 | 1.0.2 | 2.00 | 58.00 | 60.00 | OK | |
r-patched-linux-x86_64 | 1.0.2 | 1.46 | 21.00 | 22.46 | OK | |
r-release-linux-x86_64 | 1.0.2 | 1.59 | 21.68 | 23.27 | OK | |
r-release-macos-arm64 | 1.0.2 | 21.00 | OK | |||
r-release-macos-x86_64 | 1.0.2 | 40.00 | OK | |||
r-release-windows-x86_64 | 1.0.2 | 4.00 | 48.00 | 52.00 | OK | |
r-oldrel-macos-arm64 | 1.0.2 | 20.00 | NOTE | |||
r-oldrel-macos-x86_64 | 1.0.2 | 32.00 | NOTE | |||
r-oldrel-windows-x86_64 | 1.0.2 | 2.00 | 50.00 | 52.00 | NOTE |
Version: 1.0.2
Check: LazyData
Result: NOTE
'LazyData' is specified without a 'data' directory
Flavors: r-oldrel-macos-arm64, r-oldrel-macos-x86_64, r-oldrel-windows-x86_64